{"id":6663,"date":"2025-07-02T22:37:07","date_gmt":"2025-07-02T20:37:07","guid":{"rendered":"https:\/\/test.fundaciolluiscoromina.org\/?page_id=6663"},"modified":"2026-06-21T22:57:04","modified_gmt":"2026-06-21T20:57:04","slug":"isern-dalmau","status":"publish","type":"page","link":"http:\/\/fundaciolluiscoromina.org\/index.php\/isern-dalmau\/","title":{"rendered":"Isern Dalmau"},"content":{"rendered":"<\/div><div class=\"full-page-width center-relative\">\n<script> var slider2_speed = \"2000\";\r\n                var slider2_auto = \"false\";                                \r\n                var slider2_items = \"1\";                \r\n                var slider2_gap = \"0\";                \r\n    <\/script>\r\n    <div id = \"slider2\" class=\"image-slider-wrapper relative swiper-container\">\r\n    <div class = \"swiper-wrapper image-slider slider\">\r\n            \n<div class=\"swiper-slide\"><img src = \"http:\/\/test.fundaciolluiscoromina.org\/wp-content\/uploads\/2026\/02\/Bonart-Malart-82.jpg\" alt = \"\" \/><\/div>\n<div class=\"swiper-slide\"><img src = \"http:\/\/test.fundaciolluiscoromina.org\/wp-content\/uploads\/2026\/02\/Isern_Dalmau_Expo_01.jpg\" alt = \"\" \/><\/div>\n<div class=\"swiper-slide\"><img src = \"http:\/\/test.fundaciolluiscoromina.org\/wp-content\/uploads\/2026\/02\/Bonart-Malart-75.jpg\" alt = \"\" \/><\/div>\n<div class=\"swiper-slide\"><img src = \"http:\/\/test.fundaciolluiscoromina.org\/wp-content\/uploads\/2026\/02\/Bonart-Malart-91.jpg\" alt = \"\" \/><\/div>\n\r\n        <\/div><div class = \"clear\"><\/div><\/div><div class=\"swiper-pagination swiper-pagination-slider2 dots\"><\/div><div class=\"swiper-scrollbar swiper-scrollbar-slider2 dots\"><\/div>\n<\/div><div class=\"content-1170 center-relative\">\n\n\n\n<p class=\"wp-block-paragraph\">L\u2019espai Isern Dalmau neix en reconeixament a Eusebi Isern Dalmau. Destacat prosista, poeta, advocat,col\u00b7leccionista d\u2019art i dinamitzador cultural, aix\u00ed com avi matern del president de la fundaci\u00f3. <\/p>\n\n\n\n<p class=\"wp-block-paragraph\">Es defineix com un espai multidisciplinari que hibrida la funci\u00f3 expositiva alhora que tamb\u00e9 la de punt de trobada per acreadors de les arts visuals contempor\u00e0nies i de l\u2019entorn social.<\/p>\n\n\n\n<p class=\"wp-block-paragraph\">En les seves instal.lacions s\u2019hi allotja la productora cinematogr\u00e0fica Andergraun Films i l\u2019associaci\u00f3 Plant for the Planet, sensibilitzada en la reforestaci\u00f3 en l\u2019\u00e0mbit mundial.<\/p>\n\n\n\n<p class=\"wp-block-paragraph\"><\/p>\n\n\n\n<div class=\"wp-block-group\"><div class=\"wp-block-group__inner-container is-layout-constrained wp-block-group-is-layout-constrained\"><p>&nbsp;<\/p>\n<p><strong>Espai Isern Dalmau<\/strong><\/p>\n<h4>\n<span style=\"color: #adadad;\">Adre\u00e7a:<\/span> Mallorca 305, 08037&nbsp; Barcelona <span style=\"color: #adadad;\">Tel\u00e8fon:<\/span> +34 934594016 <span style=\"color: #adadad;\">Horaris:<\/span> De dimarts a divendres de 17h a 20h dissabtes de 10h a 13h<br \/>\n<\/h4>\n<\/div><\/div>\n\n\n<p>&nbsp;<\/p>\n\n\n\n<div style=\"height:100px\" aria-hidden=\"true\" class=\"wp-block-spacer\"><\/div>\n\n\n\n<h1 class=\"wp-block-heading has-text-align-center has-medium-font-size\"><strong>EXPOSICI\u00d3 ACTUAL<\/strong><\/h1>\n\n\n\n<div style=\"height:100px\" aria-hidden=\"true\" class=\"wp-block-spacer\"><\/div>\n\n\n\n<div class=\"wp-block-group alignfull is-horizontal is-content-justification-center is-nowrap is-layout-flex wp-container-core-group-is-layout-86cd089a wp-block-group-is-layout-flex\">\n<div class=\"wp-block-group\"><div class=\"wp-block-group__inner-container is-layout-constrained wp-block-group-is-layout-constrained\"><ul style=\"font-style:normal;font-weight:600\" class=\"wp-block-latest-posts__list wp-block-latest-posts has-medium-font-size is-layout-flow wp-block-latest-posts-is-layout-flow\"><li><div class=\"wp-block-latest-posts__featured-image\"><a href=\"http:\/\/fundaciolluiscoromina.org\/index.php\/2026\/08\/31\/lespai-isern-dalmau-de-barcelona-inaugura-lexposicio-el-cos-dels-cossos-de-lartista-colombia-leonel-castaneda-galeano\/\" aria-label=\"L&#8217;Espai Isern Dalmau de Barcelona inaugura l&#8217;exposici\u00f3 &#8216;El cos dels cossos&#8217; de l&#8217;artista colombi\u00e0 Leonel Casta\u00f1eda Galeano\"><img loading=\"lazy\" decoding=\"async\" width=\"1024\" height=\"684\" src=\"http:\/\/fundaciolluiscoromina.org\/wp-content\/uploads\/2026\/08\/LCastaneda-1024x684.jpg\" class=\"attachment-large size-large wp-post-image\" alt=\"\" style=\"max-width:1024px;max-height:1024px;\" srcset=\"http:\/\/fundaciolluiscoromina.org\/wp-content\/uploads\/2026\/08\/LCastaneda-1024x684.jpg 1024w, http:\/\/fundaciolluiscoromina.org\/wp-content\/uploads\/2026\/08\/LCastaneda-300x200.jpg 300w, http:\/\/fundaciolluiscoromina.org\/wp-content\/uploads\/2026\/08\/LCastaneda-768x513.jpg 768w, http:\/\/fundaciolluiscoromina.org\/wp-content\/uploads\/2026\/08\/LCastaneda-1536x1026.jpg 1536w, http:\/\/fundaciolluiscoromina.org\/wp-content\/uploads\/2026\/08\/LCastaneda-2048x1368.jpg 2048w\" sizes=\"auto, (max-width: 1024px) 100vw, 1024px\" \/><\/a><\/div><a class=\"wp-block-latest-posts__post-title\" href=\"http:\/\/fundaciolluiscoromina.org\/index.php\/2026\/08\/31\/lespai-isern-dalmau-de-barcelona-inaugura-lexposicio-el-cos-dels-cossos-de-lartista-colombia-leonel-castaneda-galeano\/\">L&#8217;Espai Isern Dalmau de Barcelona inaugura l&#8217;exposici\u00f3 &#8216;El cos dels cossos&#8217; de l&#8217;artista colombi\u00e0 Leonel Casta\u00f1eda Galeano<\/a><\/li>\n<\/ul><\/div><\/div>\n<\/div>\n","protected":false},"excerpt":{"rendered":"<p>L\u2019espai Isern Dalmau neix en reconeixament a Eusebi Isern Dalmau. Destacat prosista, poeta, advocat,col\u00b7leccionista d\u2019art i dinamitzador cultural, aix\u00ed com &#8230;<\/p>\n","protected":false},"author":1,"featured_media":0,"parent":0,"menu_order":0,"comment_status":"closed","ping_status":"closed","template":"","meta":{"footnotes":""},"class_list":["post-6663","page","type-page","status-publish","hentry"],"_links":{"self":[{"href":"http:\/\/fundaciolluiscoromina.org\/index.php\/wp-json\/wp\/v2\/pages\/6663","targetHints":{"allow":["GET"]}}],"collection":[{"href":"http:\/\/fundaciolluiscoromina.org\/index.php\/wp-json\/wp\/v2\/pages"}],"about":[{"href":"http:\/\/fundaciolluiscoromina.org\/index.php\/wp-json\/wp\/v2\/types\/page"}],"author":[{"embeddable":true,"href":"http:\/\/fundaciolluiscoromina.org\/index.php\/wp-json\/wp\/v2\/users\/1"}],"replies":[{"embeddable":true,"href":"http:\/\/fundaciolluiscoromina.org\/index.php\/wp-json\/wp\/v2\/comments?post=6663"}],"version-history":[{"count":29,"href":"http:\/\/fundaciolluiscoromina.org\/index.php\/wp-json\/wp\/v2\/pages\/6663\/revisions"}],"predecessor-version":[{"id":9275,"href":"http:\/\/fundaciolluiscoromina.org\/index.php\/wp-json\/wp\/v2\/pages\/6663\/revisions\/9275"}],"wp:attachment":[{"href":"http:\/\/fundaciolluiscoromina.org\/index.php\/wp-json\/wp\/v2\/media?parent=6663"}],"curies":[{"name":"wp","href":"https:\/\/api.w.org\/{rel}","templated":true}]}}

</div><div class="full-page-width center-relative">
<script> var slider2_speed = "2000";
                var slider2_auto = "false";                                
                var slider2_items = "1";                
                var slider2_gap = "0";                
    </script>
    <div id = "slider2" class="image-slider-wrapper relative swiper-container">
    <div class = "swiper-wrapper image-slider slider">
            
<div class="swiper-slide"><img src = "http://test.fundaciolluiscoromina.org/wp-content/uploads/2026/02/Bonart-Malart-82.jpg" alt = "" /></div>
<div class="swiper-slide"><img src = "http://test.fundaciolluiscoromina.org/wp-content/uploads/2026/02/Isern_Dalmau_Expo_01.jpg" alt = "" /></div>
<div class="swiper-slide"><img src = "http://test.fundaciolluiscoromina.org/wp-content/uploads/2026/02/Bonart-Malart-75.jpg" alt = "" /></div>
<div class="swiper-slide"><img src = "http://test.fundaciolluiscoromina.org/wp-content/uploads/2026/02/Bonart-Malart-91.jpg" alt = "" /></div>

        </div><div class = "clear"></div></div><div class="swiper-pagination swiper-pagination-slider2 dots"></div><div class="swiper-scrollbar swiper-scrollbar-slider2 dots"></div>
</div><div class="content-1170 center-relative">



<p class="wp-block-paragraph">L’espai Isern Dalmau neix en reconeixament a Eusebi Isern Dalmau. Destacat prosista, poeta, advocat,col·leccionista d’art i dinamitzador cultural, així com avi matern del president de la fundació. </p>



<p class="wp-block-paragraph">Es defineix com un espai multidisciplinari que hibrida la funció expositiva alhora que també la de punt de trobada per acreadors de les arts visuals contemporànies i de l’entorn social.</p>



<p class="wp-block-paragraph">En les seves instal.lacions s’hi allotja la productora cinematogràfica Andergraun Films i l’associació Plant for the Planet, sensibilitzada en la reforestació en l’àmbit mundial.</p>



<p class="wp-block-paragraph"></p>



<div class="wp-block-group"><div class="wp-block-group__inner-container is-layout-constrained wp-block-group-is-layout-constrained"><p>&nbsp;</p>
<p><strong>Espai Isern Dalmau</strong></p>
<h4>
<span style="color: #adadad;">Adreça:</span> Mallorca 305, 08037&nbsp; Barcelona <span style="color: #adadad;">Telèfon:</span> +34 934594016 <span style="color: #adadad;">Horaris:</span> De dimarts a divendres de 17h a 20h dissabtes de 10h a 13h<br />
</h4>
</div></div>


<p>&nbsp;</p>



<div style="height:100px" aria-hidden="true" class="wp-block-spacer"></div>



<h1 class="wp-block-heading has-text-align-center has-medium-font-size"><strong>EXPOSICIÓ ACTUAL</strong></h1>



<div style="height:100px" aria-hidden="true" class="wp-block-spacer"></div>



<div class="wp-block-group alignfull is-horizontal is-content-justification-center is-nowrap is-layout-flex wp-container-core-group-is-layout-86cd089a wp-block-group-is-layout-flex">
<div class="wp-block-group"><div class="wp-block-group__inner-container is-layout-constrained wp-block-group-is-layout-constrained"><ul style="font-style:normal;font-weight:600" class="wp-block-latest-posts__list wp-block-latest-posts has-medium-font-size is-layout-flow wp-block-latest-posts-is-layout-flow"><li><div class="wp-block-latest-posts__featured-image"><a href="http://fundaciolluiscoromina.org/index.php/2026/08/31/lespai-isern-dalmau-de-barcelona-inaugura-lexposicio-el-cos-dels-cossos-de-lartista-colombia-leonel-castaneda-galeano/" aria-label="L&#8217;Espai Isern Dalmau de Barcelona inaugura l&#8217;exposició &#8216;El cos dels cossos&#8217; de l&#8217;artista colombià Leonel Castañeda Galeano"><img loading="lazy" decoding="async" width="1024" height="684" src="http://fundaciolluiscoromina.org/wp-content/uploads/2026/08/LCastaneda-1024x684.jpg" class="attachment-large size-large wp-post-image" alt="" style="max-width:1024px;max-height:1024px;" srcset="http://fundaciolluiscoromina.org/wp-content/uploads/2026/08/LCastaneda-1024x684.jpg 1024w, http://fundaciolluiscoromina.org/wp-content/uploads/2026/08/LCastaneda-300x200.jpg 300w, http://fundaciolluiscoromina.org/wp-content/uploads/2026/08/LCastaneda-768x513.jpg 768w, http://fundaciolluiscoromina.org/wp-content/uploads/2026/08/LCastaneda-1536x1026.jpg 1536w, http://fundaciolluiscoromina.org/wp-content/uploads/2026/08/LCastaneda-2048x1368.jpg 2048w" sizes="auto, (max-width: 1024px) 100vw, 1024px" /></a></div><a class="wp-block-latest-posts__post-title" href="http://fundaciolluiscoromina.org/index.php/2026/08/31/lespai-isern-dalmau-de-barcelona-inaugura-lexposicio-el-cos-dels-cossos-de-lartista-colombia-leonel-castaneda-galeano/">L&#8217;Espai Isern Dalmau de Barcelona inaugura l&#8217;exposició &#8216;El cos dels cossos&#8217; de l&#8217;artista colombià Leonel Castañeda Galeano</a></li>
</ul></div></div>
</div>

<p>L’espai Isern Dalmau neix en reconeixament a Eusebi Isern Dalmau. Destacat prosista, poeta, advocat,col·leccionista d’art i dinamitzador cultural, així com &#8230;</p>
