{"id":6668,"date":"2025-07-02T22:41:57","date_gmt":"2025-07-02T20:41:57","guid":{"rendered":"https:\/\/test.fundaciolluiscoromina.org\/?page_id=6668"},"modified":"2026-02-17T14:58:18","modified_gmt":"2026-02-17T12:58:18","slug":"garage","status":"publish","type":"page","link":"http:\/\/fundaciolluiscoromina.org\/index.php\/garage\/","title":{"rendered":"Garage"},"content":{"rendered":"<\/div><div class=\"full-page-width center-relative\">\n<script> var slider2_speed = \"2000\";\r\n                var slider2_auto = \"false\";                                \r\n                var slider2_items = \"1\";                \r\n                var slider2_gap = \"0\";                \r\n    <\/script>\r\n    <div id = \"slider2\" class=\"image-slider-wrapper relative swiper-container\">\r\n    <div class = \"swiper-wrapper image-slider slider\">\r\n            \n<div class=\"swiper-slide\"><img src = \"http:\/\/test.fundaciolluiscoromina.org\/wp-content\/uploads\/2026\/02\/Garage03.jpg\" alt = \"\" \/><\/div>\n<div class=\"swiper-slide\"><img src = \"http:\/\/test.fundaciolluiscoromina.org\/wp-content\/uploads\/2026\/02\/Garage01.jpg\" alt = \"\" \/><\/div>\n<div class=\"swiper-slide\"><img src = \"http:\/\/test.fundaciolluiscoromina.org\/wp-content\/uploads\/2026\/02\/Garage02.jpg\" alt = \"\" \/><\/div>\n\r\n        <\/div><div class = \"clear\"><\/div><\/div><div class=\"swiper-pagination swiper-pagination-slider2 dots\"><\/div><div class=\"swiper-scrollbar swiper-scrollbar-slider2 dots\"><\/div>\n<\/div><div class=\"content-1170 center-relative\">\n\n\n\n<p class=\"wp-block-paragraph\">\u00c9s l\u2019espai educatiu de la Fundaci\u00f3. Un espai d\u2019slot (Scal\u00e8xtric) reinventat com a espai d\u2019aprenentatge disruptiu per visualitzar la hist\u00f2ria de la mobilitat i de la mobilitat el\u00e8ctrica -verda- en particular. Un espai de debats i confer\u00e8ncies entorn del patrimoni cultural de l\u2019automoci\u00f3 de Catalunya. Amb la complicitat de Banyoles Slot, Garage es converteix en un node d\u2019interacci\u00f3 entre les Arts, l\u2019educaci\u00f3 i el Paisatge.<\/p>\n\n\n\n<div class=\"wp-block-group\"><div class=\"wp-block-group__inner-container is-layout-constrained wp-block-group-is-layout-constrained\"><p>&nbsp;<\/p>\n<p><strong>Garage &#8211; Espai Socioeducatiu<\/strong><\/p>\n<h4>\n<span style=\"color: #adadad;\">Adre\u00e7a:<\/span> Passeig de la Puda 14, 17820&nbsp; Banyoles <span style=\"color: #adadad;\">Tel\u00e8fon:<\/span> +34 972583477 <span style=\"color: #adadad;\">Horaris:<\/span> D&#8217;octubre a maig: divendres, dissabte i diumenge de 16:30h a 20h. Juny, juliol i setembre: Horaris a convenir. Agost tancat.<br \/>\n<\/h4>\n<\/div><\/div>\n\n\n<p>&nbsp;<\/p>\n\n\n\n<p class=\"wp-block-paragraph\"><\/p>\n\n\n\n<div class=\"wp-block-group is-horizontal is-content-justification-right is-nowrap is-layout-flex wp-container-core-group-is-layout-8c6908c7 wp-block-group-is-layout-flex\"><\/div>\n\n\n\n<p class=\"wp-block-paragraph\"><\/p>\n","protected":false},"excerpt":{"rendered":"<p>\u00c9s l\u2019espai educatiu de la Fundaci\u00f3. Un espai d\u2019slot (Scal\u00e8xtric) reinventat com a espai d\u2019aprenentatge disruptiu per visualitzar la hist\u00f2ria &#8230;<\/p>\n","protected":false},"author":1,"featured_media":0,"parent":0,"menu_order":0,"comment_status":"closed","ping_status":"closed","template":"","meta":{"footnotes":""},"class_list":["post-6668","page","type-page","status-publish","hentry"],"_links":{"self":[{"href":"http:\/\/fundaciolluiscoromina.org\/index.php\/wp-json\/wp\/v2\/pages\/6668","targetHints":{"allow":["GET"]}}],"collection":[{"href":"http:\/\/fundaciolluiscoromina.org\/index.php\/wp-json\/wp\/v2\/pages"}],"about":[{"href":"http:\/\/fundaciolluiscoromina.org\/index.php\/wp-json\/wp\/v2\/types\/page"}],"author":[{"embeddable":true,"href":"http:\/\/fundaciolluiscoromina.org\/index.php\/wp-json\/wp\/v2\/users\/1"}],"replies":[{"embeddable":true,"href":"http:\/\/fundaciolluiscoromina.org\/index.php\/wp-json\/wp\/v2\/comments?post=6668"}],"version-history":[{"count":8,"href":"http:\/\/fundaciolluiscoromina.org\/index.php\/wp-json\/wp\/v2\/pages\/6668\/revisions"}],"predecessor-version":[{"id":7620,"href":"http:\/\/fundaciolluiscoromina.org\/index.php\/wp-json\/wp\/v2\/pages\/6668\/revisions\/7620"}],"wp:attachment":[{"href":"http:\/\/fundaciolluiscoromina.org\/index.php\/wp-json\/wp\/v2\/media?parent=6668"}],"curies":[{"name":"wp","href":"https:\/\/api.w.org\/{rel}","templated":true}]}}

</div><div class="full-page-width center-relative">
<script> var slider2_speed = "2000";
                var slider2_auto = "false";                                
                var slider2_items = "1";                
                var slider2_gap = "0";                
    </script>
    <div id = "slider2" class="image-slider-wrapper relative swiper-container">
    <div class = "swiper-wrapper image-slider slider">
            
<div class="swiper-slide"><img src = "http://test.fundaciolluiscoromina.org/wp-content/uploads/2026/02/Garage03.jpg" alt = "" /></div>
<div class="swiper-slide"><img src = "http://test.fundaciolluiscoromina.org/wp-content/uploads/2026/02/Garage01.jpg" alt = "" /></div>
<div class="swiper-slide"><img src = "http://test.fundaciolluiscoromina.org/wp-content/uploads/2026/02/Garage02.jpg" alt = "" /></div>

        </div><div class = "clear"></div></div><div class="swiper-pagination swiper-pagination-slider2 dots"></div><div class="swiper-scrollbar swiper-scrollbar-slider2 dots"></div>
</div><div class="content-1170 center-relative">



<p class="wp-block-paragraph">És l’espai educatiu de la Fundació. Un espai d’slot (Scalèxtric) reinventat com a espai d’aprenentatge disruptiu per visualitzar la història de la mobilitat i de la mobilitat elèctrica -verda- en particular. Un espai de debats i conferències entorn del patrimoni cultural de l’automoció de Catalunya. Amb la complicitat de Banyoles Slot, Garage es converteix en un node d’interacció entre les Arts, l’educació i el Paisatge.</p>



<div class="wp-block-group"><div class="wp-block-group__inner-container is-layout-constrained wp-block-group-is-layout-constrained"><p>&nbsp;</p>
<p><strong>Garage &#8211; Espai Socioeducatiu</strong></p>
<h4>
<span style="color: #adadad;">Adreça:</span> Passeig de la Puda 14, 17820&nbsp; Banyoles <span style="color: #adadad;">Telèfon:</span> +34 972583477 <span style="color: #adadad;">Horaris:</span> D&#8217;octubre a maig: divendres, dissabte i diumenge de 16:30h a 20h. Juny, juliol i setembre: Horaris a convenir. Agost tancat.<br />
</h4>
</div></div>


<p>&nbsp;</p>



<p class="wp-block-paragraph"></p>



<div class="wp-block-group is-horizontal is-content-justification-right is-nowrap is-layout-flex wp-container-core-group-is-layout-8c6908c7 wp-block-group-is-layout-flex"></div>



<p class="wp-block-paragraph"></p>

<p>És l’espai educatiu de la Fundació. Un espai d’slot (Scalèxtric) reinventat com a espai d’aprenentatge disruptiu per visualitzar la història &#8230;</p>
