{"id":6670,"date":"2025-07-02T22:44:59","date_gmt":"2025-07-02T20:44:59","guid":{"rendered":"https:\/\/test.fundaciolluiscoromina.org\/?page_id=6670"},"modified":"2026-05-14T12:07:20","modified_gmt":"2026-05-14T10:07:20","slug":"coworking-puntal","status":"publish","type":"page","link":"http:\/\/fundaciolluiscoromina.org\/index.php\/coworking-puntal\/","title":{"rendered":"Coworking Puntal"},"content":{"rendered":"\n<p class=\"has-text-align-left wp-block-paragraph\">El Puntal \u00e9s un lloc de trobada, de reflexi\u00f3, d\u2019art, de coneixement, de mecenatge, d\u2019intercanvi i d\u2019aprenentatge de les arts. Un laboratori de la creativitat on s\u2019allotgen empreses culturals i artistes com: Andergraun Films, Alter Sinergies, Bonart cultural, Eironeia, Cor de Teatre, Fundaci\u00f3 Estany i Cabosanroque.<\/p>\n\n\n\n<p class=\"has-text-align-left wp-block-paragraph\">Disposa d\u2019un espai multifuncional \u201cShowroom\u201d on s\u2019exposen de manera permanent les obres dels autors contemporanis: els dissenyadors Rafael Marquina i Andr\u00e9 Ricard, el fot\u00f2graf Yurian Quintanas, l\u2019escultor Josep Ponsat\u00ed, el cineasta Albert Serra, els escultors sonors Cabosanroque\u2026 Alhora \u00e9s un espai destinat a accions i activitats vinculades a les arts visuals contempor\u00e0nies, aix\u00ed com jornadas de reflexi\u00f3 sobre el m\u00f3n contemporani.<\/p>\n\n\n\n<div style=\"height:100px\" aria-hidden=\"true\" class=\"wp-block-spacer\"><\/div>\n\n\n<div class = \"one margin-0 animate\">\r\n    \n<img decoding=\"async\" src=\"http:\/\/test.fundaciolluiscoromina.org\/wp-content\/uploads\/2026\/02\/Entrada_Puntal_01.jpg\" alt=\"\"><br \/>\n\r\n    <\/div><div class = \"clear\"><\/div>\n\n\n<div class = \"one_half margin-0 animate\">\n<img decoding=\"async\" src=\"http:\/\/test.fundaciolluiscoromina.org\/wp-content\/uploads\/2026\/02\/Cor-de-teatre_El-Puntal_01.jpg\" alt=\"\"><br \/>\n<\/div>\n\n\n<div class = \"one_half margin-0 animate\">\n<img decoding=\"async\" src=\"http:\/\/test.fundaciolluiscoromina.org\/wp-content\/uploads\/2026\/02\/Cabo-SanRoque_Puntal_01.jpg\" alt=\"\"><br \/>\n<\/div>\n\n\n<div class = \"one margin-0 animate\">\r\n    \n<img decoding=\"async\" src=\"http:\/\/test.fundaciolluiscoromina.org\/wp-content\/uploads\/2026\/02\/Fundacio-Estany_Puntal_01.jpeg\" alt=\"\"><br \/>\n\r\n    <\/div><div class = \"clear\"><\/div>\n\n\n<div class = \"one_half margin-0 animate\">\n<img decoding=\"async\" src=\"http:\/\/test.fundaciolluiscoromina.org\/wp-content\/uploads\/2026\/02\/Bonart-Cultural_Puntal_01.jpg\" alt=\"\"><br \/>\n<\/div>\n\n\n<div class = \"one_half margin-0 animate\">\n<img decoding=\"async\" src=\"http:\/\/test.fundaciolluiscoromina.org\/wp-content\/uploads\/2026\/02\/Coworking_Puntal_02.jpg\" alt=\"\"><br \/>\n<\/div>\n\n\n<div class = \"one margin-0 animate\">\r\n    \n<img decoding=\"async\" src=\"http:\/\/test.fundaciolluiscoromina.org\/wp-content\/uploads\/2026\/02\/Andergraund_Puntal_01.jpg\" alt=\"\"><br \/>\n\r\n    <\/div><div class = \"clear\"><\/div>\n\n\n<div class = \"one_half margin-0 animate\">\n<img decoding=\"async\" src=\"http:\/\/test.fundaciolluiscoromina.org\/wp-content\/uploads\/2026\/02\/Eironeia_Puntal_01.jpg\" alt=\"\"><br \/>\n<\/div>\n\n\n<div class = \"one_half last margin-0 animate\">\n<img decoding=\"async\" src=\"http:\/\/test.fundaciolluiscoromina.org\/wp-content\/uploads\/2026\/02\/Showroom_Puntal_01.jpg\" alt=\"\"><br \/>\n<\/div><div class = \"clear\"><\/div>\n","protected":false},"excerpt":{"rendered":"<p>El Puntal \u00e9s un lloc de trobada, de reflexi\u00f3, d\u2019art, de coneixement, de mecenatge, d\u2019intercanvi i d\u2019aprenentatge de les arts. &#8230;<\/p>\n","protected":false},"author":1,"featured_media":0,"parent":0,"menu_order":0,"comment_status":"closed","ping_status":"closed","template":"","meta":{"footnotes":""},"class_list":["post-6670","page","type-page","status-publish","hentry"],"_links":{"self":[{"href":"http:\/\/fundaciolluiscoromina.org\/index.php\/wp-json\/wp\/v2\/pages\/6670","targetHints":{"allow":["GET"]}}],"collection":[{"href":"http:\/\/fundaciolluiscoromina.org\/index.php\/wp-json\/wp\/v2\/pages"}],"about":[{"href":"http:\/\/fundaciolluiscoromina.org\/index.php\/wp-json\/wp\/v2\/types\/page"}],"author":[{"embeddable":true,"href":"http:\/\/fundaciolluiscoromina.org\/index.php\/wp-json\/wp\/v2\/users\/1"}],"replies":[{"embeddable":true,"href":"http:\/\/fundaciolluiscoromina.org\/index.php\/wp-json\/wp\/v2\/comments?post=6670"}],"version-history":[{"count":18,"href":"http:\/\/fundaciolluiscoromina.org\/index.php\/wp-json\/wp\/v2\/pages\/6670\/revisions"}],"predecessor-version":[{"id":8913,"href":"http:\/\/fundaciolluiscoromina.org\/index.php\/wp-json\/wp\/v2\/pages\/6670\/revisions\/8913"}],"wp:attachment":[{"href":"http:\/\/fundaciolluiscoromina.org\/index.php\/wp-json\/wp\/v2\/media?parent=6670"}],"curies":[{"name":"wp","href":"https:\/\/api.w.org\/{rel}","templated":true}]}}

<p class="has-text-align-left wp-block-paragraph">El Puntal és un lloc de trobada, de reflexió, d’art, de coneixement, de mecenatge, d’intercanvi i d’aprenentatge de les arts. Un laboratori de la creativitat on s’allotgen empreses culturals i artistes com: Andergraun Films, Alter Sinergies, Bonart cultural, Eironeia, Cor de Teatre, Fundació Estany i Cabosanroque.</p>



<p class="has-text-align-left wp-block-paragraph">Disposa d’un espai multifuncional “Showroom” on s’exposen de manera permanent les obres dels autors contemporanis: els dissenyadors Rafael Marquina i André Ricard, el fotògraf Yurian Quintanas, l’escultor Josep Ponsatí, el cineasta Albert Serra, els escultors sonors Cabosanroque… Alhora és un espai destinat a accions i activitats vinculades a les arts visuals contemporànies, així com jornadas de reflexió sobre el món contemporani.</p>



<div style="height:100px" aria-hidden="true" class="wp-block-spacer"></div>


<div class = "one margin-0 animate">
    
<img decoding="async" src="http://test.fundaciolluiscoromina.org/wp-content/uploads/2026/02/Entrada_Puntal_01.jpg" alt=""><br />

    </div><div class = "clear"></div>


<div class = "one_half margin-0 animate">
<img decoding="async" src="http://test.fundaciolluiscoromina.org/wp-content/uploads/2026/02/Cor-de-teatre_El-Puntal_01.jpg" alt=""><br />
</div>


<div class = "one_half margin-0 animate">
<img decoding="async" src="http://test.fundaciolluiscoromina.org/wp-content/uploads/2026/02/Cabo-SanRoque_Puntal_01.jpg" alt=""><br />
</div>


<div class = "one margin-0 animate">
    
<img decoding="async" src="http://test.fundaciolluiscoromina.org/wp-content/uploads/2026/02/Fundacio-Estany_Puntal_01.jpeg" alt=""><br />

    </div><div class = "clear"></div>


<div class = "one_half margin-0 animate">
<img decoding="async" src="http://test.fundaciolluiscoromina.org/wp-content/uploads/2026/02/Bonart-Cultural_Puntal_01.jpg" alt=""><br />
</div>


<div class = "one_half margin-0 animate">
<img decoding="async" src="http://test.fundaciolluiscoromina.org/wp-content/uploads/2026/02/Coworking_Puntal_02.jpg" alt=""><br />
</div>


<div class = "one margin-0 animate">
    
<img decoding="async" src="http://test.fundaciolluiscoromina.org/wp-content/uploads/2026/02/Andergraund_Puntal_01.jpg" alt=""><br />

    </div><div class = "clear"></div>


<div class = "one_half margin-0 animate">
<img decoding="async" src="http://test.fundaciolluiscoromina.org/wp-content/uploads/2026/02/Eironeia_Puntal_01.jpg" alt=""><br />
</div>


<div class = "one_half last margin-0 animate">
<img decoding="async" src="http://test.fundaciolluiscoromina.org/wp-content/uploads/2026/02/Showroom_Puntal_01.jpg" alt=""><br />
</div><div class = "clear"></div>

<p>El Puntal és un lloc de trobada, de reflexió, d’art, de coneixement, de mecenatge, d’intercanvi i d’aprenentatge de les arts. &#8230;</p>
