{"id":6680,"date":"2025-07-02T22:53:34","date_gmt":"2025-07-02T20:53:34","guid":{"rendered":"https:\/\/test.fundaciolluiscoromina.org\/?page_id=6680"},"modified":"2026-06-17T19:41:27","modified_gmt":"2026-06-17T17:41:27","slug":"exposicions","status":"publish","type":"page","link":"http:\/\/fundaciolluiscoromina.org\/index.php\/exposicions\/","title":{"rendered":"Exposicions Internes"},"content":{"rendered":"\n<div style=\"height:100px\" aria-hidden=\"true\" class=\"wp-block-spacer\"><\/div>\n\n\n<style><\/style><div class=\"wplp_outside wplp_widget_6780\" style=\"max-width:100%;\"><div id=\"wplp_widget_6780\" class=\"wplp_widget_default wplp_container vertical swiper wplp-swiper default cols1\" data-theme=\"default\" data-post=\"6780\" style=\"\" data-max-elts=\"4\" data-per-page=\"10\"><div class=\"wplp_listposts swiper-wrapper\" id=\"default_6780\" style=\"width: 100%;\" ><div class=\"swiper-slide\" style=\"\"><div class=\"insideframe\"><div id=\"wplp_box_top_6780_9632\" class=\"wpcu-front-box top equalHeightImg\" ><div class=\"wplp-box-item\"><a href=\"http:\/\/fundaciolluiscoromina.org\/index.php\/2026\/08\/31\/lespai-isern-dalmau-de-barcelona-inaugura-lexposicio-el-cos-dels-cossos-de-lartista-colombia-leonel-castaneda-galeano\/\"  class=\"thumbnail\"><span class=\"img_cropper\" style=\"margin-right:4px;margin-bottom:4px;max-width:100%;\"><img decoding=\"async\" src=\"http:\/\/fundaciolluiscoromina.org\/wp-content\/uploads\/2026\/08\/LCastaneda-scaled.jpg\" style=\"aspect-ratio:4\/3;\" srcset=\"http:\/\/fundaciolluiscoromina.org\/wp-content\/uploads\/2026\/08\/LCastaneda-scaled.jpg 2560w, http:\/\/fundaciolluiscoromina.org\/wp-content\/uploads\/2026\/08\/LCastaneda-300x200.jpg 300w, http:\/\/fundaciolluiscoromina.org\/wp-content\/uploads\/2026\/08\/LCastaneda-1024x684.jpg 1024w, http:\/\/fundaciolluiscoromina.org\/wp-content\/uploads\/2026\/08\/LCastaneda-768x513.jpg 768w, http:\/\/fundaciolluiscoromina.org\/wp-content\/uploads\/2026\/08\/LCastaneda-1536x1026.jpg 1536w, http:\/\/fundaciolluiscoromina.org\/wp-content\/uploads\/2026\/08\/LCastaneda-2048x1368.jpg 2048w\" alt=\"L&#8217;Espai Isern Dalmau de Barcelona inaugura l&#8217;exposici\u00f3 &#8216;El cos dels cossos&#8217; de l&#8217;artista colombi\u00e0 Leonel Casta\u00f1eda Galeano\" class=\"wplp_thumb\" \/><\/span><\/a><a href=\"http:\/\/fundaciolluiscoromina.org\/index.php\/2026\/08\/31\/lespai-isern-dalmau-de-barcelona-inaugura-lexposicio-el-cos-dels-cossos-de-lartista-colombia-leonel-castaneda-galeano\/\"  class=\"title\">L&#8217;Espai Isern Dalmau de Barcelona inaugura l&#8217;exposici\u00f3 &#8216;El cos dels cossos&#8217; de l&#8217;artista colombi\u00e0 Leonel Casta\u00f1eda Galeano<\/a><\/div><\/div><div id=\"wplp_box_left_6780_9632\" class=\"wpcu-front-box left wpcu-custom-position\" ><div class=\"wplp-box-item\"><\/div><\/div><div id=\"wplp_box_right_6780_9632\" class=\"wpcu-front-box right wpcu-custom-position\" ><div class=\"wplp-box-item\"><\/div><\/div><div id=\"wplp_box_bottom_6780_9632\" class=\"wpcu-front-box bottom \" ><div class=\"wplp-box-item\"><span class=\"date\">31 d'agost de 2026<\/span><a href=\"http:\/\/fundaciolluiscoromina.org\/index.php\/2026\/08\/31\/lespai-isern-dalmau-de-barcelona-inaugura-lexposicio-el-cos-dels-cossos-de-lartista-colombia-leonel-castaneda-galeano\/\"  class=\"text\"><span style=\"max-height:2.8em\" class=\"line_limit\">El pr\u00f2xim dijous 3 de setembre, a les 19 h, l&#8217;Espai Isern Dalmau de Barcelona\u00a0acollir\u00e0 la inauguraci\u00f3 de l&#8217;exposici\u00f3 El &#8230;<\/span><span style=\"margin-left:3px; max-height:2.8em\" class=\"line_limit\"> [...]<\/span><\/a><span class=\"custom_fields\">\n<!-- WPLP Unknown field: Custom_Fields -->\n<\/span><a href=\"http:\/\/fundaciolluiscoromina.org\/index.php\/2026\/08\/31\/lespai-isern-dalmau-de-barcelona-inaugura-lexposicio-el-cos-dels-cossos-de-lartista-colombia-leonel-castaneda-galeano\/\"  class=\"read-more\">Read more...<\/a><\/div><\/div><\/div><\/div><div class=\"swiper-slide\" style=\"\"><div class=\"insideframe\"><div id=\"wplp_box_top_6780_9570\" class=\"wpcu-front-box top equalHeightImg\" ><div class=\"wplp-box-item\"><a href=\"http:\/\/fundaciolluiscoromina.org\/index.php\/2026\/08\/18\/lespai-eat-art-acull-lexposicio-brossa-portatil-la-maleta-museu-dedicada-a-lunivers-visual-de-joan-brossa\/\"  class=\"thumbnail\"><span class=\"img_cropper\" style=\"margin-right:4px;margin-bottom:4px;max-width:100%;\"><img decoding=\"async\" src=\"http:\/\/fundaciolluiscoromina.org\/wp-content\/uploads\/2026\/08\/Captura-de-pantalla-2026-08-08-a-las-18.59.50.png\" style=\"aspect-ratio:4\/3;\" srcset=\"http:\/\/fundaciolluiscoromina.org\/wp-content\/uploads\/2026\/08\/Captura-de-pantalla-2026-08-08-a-las-18.59.50.png 1312w, http:\/\/fundaciolluiscoromina.org\/wp-content\/uploads\/2026\/08\/Captura-de-pantalla-2026-08-08-a-las-18.59.50-300x221.png 300w, http:\/\/fundaciolluiscoromina.org\/wp-content\/uploads\/2026\/08\/Captura-de-pantalla-2026-08-08-a-las-18.59.50-1024x756.png 1024w, http:\/\/fundaciolluiscoromina.org\/wp-content\/uploads\/2026\/08\/Captura-de-pantalla-2026-08-08-a-las-18.59.50-768x567.png 768w\" alt=\"L&#8217;Espai Eat Art acull l&#8217;exposici\u00f3 &#8216;Brossa port\u00e0til. La maleta museu&#8217;, dedicada a l&#8217;univers visual de Joan Brossa\" class=\"wplp_thumb\" \/><\/span><\/a><a href=\"http:\/\/fundaciolluiscoromina.org\/index.php\/2026\/08\/18\/lespai-eat-art-acull-lexposicio-brossa-portatil-la-maleta-museu-dedicada-a-lunivers-visual-de-joan-brossa\/\"  class=\"title\">L&#8217;Espai Eat Art acull l&#8217;exposici\u00f3 &#8216;Brossa port\u00e0til. La maleta museu&#8217;, dedicada a l&#8217;univers visual de Joan Brossa<\/a><\/div><\/div><div id=\"wplp_box_left_6780_9570\" class=\"wpcu-front-box left wpcu-custom-position\" ><div class=\"wplp-box-item\"><\/div><\/div><div id=\"wplp_box_right_6780_9570\" class=\"wpcu-front-box right wpcu-custom-position\" ><div class=\"wplp-box-item\"><\/div><\/div><div id=\"wplp_box_bottom_6780_9570\" class=\"wpcu-front-box bottom \" ><div class=\"wplp-box-item\"><span class=\"date\">18 d'agost de 2026<\/span><a href=\"http:\/\/fundaciolluiscoromina.org\/index.php\/2026\/08\/18\/lespai-eat-art-acull-lexposicio-brossa-portatil-la-maleta-museu-dedicada-a-lunivers-visual-de-joan-brossa\/\"  class=\"text\"><span style=\"max-height:2.8em\" class=\"line_limit\">A partir del divendres 21 d&#8217;agost, l&#8217;Espai Eat Art de Banyoles\u00a0acollir\u00e0 l&#8217;exposici\u00f3\u00a0Brossa port\u00e0til. La maleta museu, comissariada pel cr\u00edtic d\u2019art &#8230;<\/span><span style=\"margin-left:3px; max-height:2.8em\" class=\"line_limit\"> [...]<\/span><\/a><span class=\"custom_fields\">\n<!-- WPLP Unknown field: Custom_Fields -->\n<\/span><a href=\"http:\/\/fundaciolluiscoromina.org\/index.php\/2026\/08\/18\/lespai-eat-art-acull-lexposicio-brossa-portatil-la-maleta-museu-dedicada-a-lunivers-visual-de-joan-brossa\/\"  class=\"read-more\">Read more...<\/a><\/div><\/div><\/div><\/div><div class=\"swiper-slide\" style=\"\"><div class=\"insideframe\"><div id=\"wplp_box_top_6780_9569\" class=\"wpcu-front-box top equalHeightImg\" ><div class=\"wplp-box-item\"><a href=\"http:\/\/fundaciolluiscoromina.org\/index.php\/2026\/07\/31\/la-fundacio-lluis-coromina-isern-tancada-durant-el-mes-dagost\/\"  class=\"thumbnail\"><span class=\"img_cropper\" style=\"margin-right:4px;margin-bottom:4px;max-width:100%;\"><img decoding=\"async\" src=\"http:\/\/fundaciolluiscoromina.org\/wp-content\/uploads\/2026\/07\/Dibuix-Directe-2026-009-scaled.jpg\" style=\"aspect-ratio:4\/3;\" srcset=\"http:\/\/fundaciolluiscoromina.org\/wp-content\/uploads\/2026\/07\/Dibuix-Directe-2026-009-scaled.jpg 2560w, http:\/\/fundaciolluiscoromina.org\/wp-content\/uploads\/2026\/07\/Dibuix-Directe-2026-009-300x200.jpg 300w, http:\/\/fundaciolluiscoromina.org\/wp-content\/uploads\/2026\/07\/Dibuix-Directe-2026-009-1024x683.jpg 1024w, http:\/\/fundaciolluiscoromina.org\/wp-content\/uploads\/2026\/07\/Dibuix-Directe-2026-009-768x512.jpg 768w, http:\/\/fundaciolluiscoromina.org\/wp-content\/uploads\/2026\/07\/Dibuix-Directe-2026-009-1536x1024.jpg 1536w, http:\/\/fundaciolluiscoromina.org\/wp-content\/uploads\/2026\/07\/Dibuix-Directe-2026-009-2048x1365.jpg 2048w\" alt=\"La Fundaci\u00f3 Llu\u00eds Coromina Isern, tancada durant el mes d&#8217;agost\" class=\"wplp_thumb\" \/><\/span><\/a><a href=\"http:\/\/fundaciolluiscoromina.org\/index.php\/2026\/07\/31\/la-fundacio-lluis-coromina-isern-tancada-durant-el-mes-dagost\/\"  class=\"title\">La Fundaci\u00f3 Llu\u00eds Coromina Isern, tancada durant el mes d&#8217;agost<\/a><\/div><\/div><div id=\"wplp_box_left_6780_9569\" class=\"wpcu-front-box left wpcu-custom-position\" ><div class=\"wplp-box-item\"><\/div><\/div><div id=\"wplp_box_right_6780_9569\" class=\"wpcu-front-box right wpcu-custom-position\" ><div class=\"wplp-box-item\"><\/div><\/div><div id=\"wplp_box_bottom_6780_9569\" class=\"wpcu-front-box bottom \" ><div class=\"wplp-box-item\"><span class=\"date\">31 de juliol de 2026<\/span><a href=\"http:\/\/fundaciolluiscoromina.org\/index.php\/2026\/07\/31\/la-fundacio-lluis-coromina-isern-tancada-durant-el-mes-dagost\/\"  class=\"text\"><span style=\"max-height:2.8em\" class=\"line_limit\">Durant el mes d\u2019agost, la majoria dels espais de la Fundaci\u00f3 Llu\u00eds Coromina Isern romandran tancats, amb algunes excepcions. En &#8230;<\/span><span style=\"margin-left:3px; max-height:2.8em\" class=\"line_limit\"> [...]<\/span><\/a><span class=\"custom_fields\">\n<!-- WPLP Unknown field: Custom_Fields -->\n<\/span><a href=\"http:\/\/fundaciolluiscoromina.org\/index.php\/2026\/07\/31\/la-fundacio-lluis-coromina-isern-tancada-durant-el-mes-dagost\/\"  class=\"read-more\">Read more...<\/a><\/div><\/div><\/div><\/div><div class=\"swiper-slide\" style=\"\"><div class=\"insideframe\"><div id=\"wplp_box_top_6780_9210\" class=\"wpcu-front-box top equalHeightImg\" ><div class=\"wplp-box-item\"><a href=\"http:\/\/fundaciolluiscoromina.org\/index.php\/2026\/06\/11\/lespai-isern-dalmau-de-barcelona-acull-la-inauguracio-de-lexposicio-glops-biennal-dart-jove\/\"  class=\"thumbnail\"><span class=\"img_cropper\" style=\"margin-right:4px;margin-bottom:4px;max-width:100%;\"><img decoding=\"async\" src=\"http:\/\/fundaciolluiscoromina.org\/wp-content\/uploads\/2026\/06\/glops-amb-porrons8.png\" style=\"aspect-ratio:4\/3;\" srcset=\"http:\/\/fundaciolluiscoromina.org\/wp-content\/uploads\/2026\/06\/glops-amb-porrons8.png 1024w, http:\/\/fundaciolluiscoromina.org\/wp-content\/uploads\/2026\/06\/glops-amb-porrons8-300x171.png 300w, http:\/\/fundaciolluiscoromina.org\/wp-content\/uploads\/2026\/06\/glops-amb-porrons8-768x439.png 768w\" alt=\"L\u2019Espai Isern Dalmau de Barcelona acull la inauguraci\u00f3 de l\u2019exposici\u00f3 \u2018Biennal d\u2019Art Jove Glops\u2019\" class=\"wplp_thumb\" \/><\/span><\/a><a href=\"http:\/\/fundaciolluiscoromina.org\/index.php\/2026\/06\/11\/lespai-isern-dalmau-de-barcelona-acull-la-inauguracio-de-lexposicio-glops-biennal-dart-jove\/\"  class=\"title\">L\u2019Espai Isern Dalmau de Barcelona acull la inauguraci\u00f3 de l\u2019exposici\u00f3 \u2018Biennal d\u2019Art Jove Glops\u2019<\/a><\/div><\/div><div id=\"wplp_box_left_6780_9210\" class=\"wpcu-front-box left wpcu-custom-position\" ><div class=\"wplp-box-item\"><\/div><\/div><div id=\"wplp_box_right_6780_9210\" class=\"wpcu-front-box right wpcu-custom-position\" ><div class=\"wplp-box-item\"><\/div><\/div><div id=\"wplp_box_bottom_6780_9210\" class=\"wpcu-front-box bottom \" ><div class=\"wplp-box-item\"><span class=\"date\">11 de juny de 2026<\/span><a href=\"http:\/\/fundaciolluiscoromina.org\/index.php\/2026\/06\/11\/lespai-isern-dalmau-de-barcelona-acull-la-inauguracio-de-lexposicio-glops-biennal-dart-jove\/\"  class=\"text\"><span style=\"max-height:2.8em\" class=\"line_limit\">El pr\u00f2xim dimecres 17 de juny, a les 19 h, l\u2019Espai Isern Dalmau de Barcelona acollir\u00e0 la inauguraci\u00f3 de Biennal &#8230;<\/span><span style=\"margin-left:3px; max-height:2.8em\" class=\"line_limit\"> [...]<\/span><\/a><span class=\"custom_fields\">\n<!-- WPLP Unknown field: Custom_Fields -->\n<\/span><a href=\"http:\/\/fundaciolluiscoromina.org\/index.php\/2026\/06\/11\/lespai-isern-dalmau-de-barcelona-acull-la-inauguracio-de-lexposicio-glops-biennal-dart-jove\/\"  class=\"read-more\">Read more...<\/a><\/div><\/div><\/div><\/div><\/div><div class=\"swiper-button-next\"><\/div><div class=\"swiper-button-prev\"><\/div><div class=\"swiper-pagination\"><\/div><\/div><\/div>\n","protected":false},"excerpt":{"rendered":"","protected":false},"author":1,"featured_media":0,"parent":0,"menu_order":0,"comment_status":"closed","ping_status":"closed","template":"","meta":{"footnotes":""},"class_list":["post-6680","page","type-page","status-publish","hentry"],"_links":{"self":[{"href":"http:\/\/fundaciolluiscoromina.org\/index.php\/wp-json\/wp\/v2\/pages\/6680","targetHints":{"allow":["GET"]}}],"collection":[{"href":"http:\/\/fundaciolluiscoromina.org\/index.php\/wp-json\/wp\/v2\/pages"}],"about":[{"href":"http:\/\/fundaciolluiscoromina.org\/index.php\/wp-json\/wp\/v2\/types\/page"}],"author":[{"embeddable":true,"href":"http:\/\/fundaciolluiscoromina.org\/index.php\/wp-json\/wp\/v2\/users\/1"}],"replies":[{"embeddable":true,"href":"http:\/\/fundaciolluiscoromina.org\/index.php\/wp-json\/wp\/v2\/comments?post=6680"}],"version-history":[{"count":35,"href":"http:\/\/fundaciolluiscoromina.org\/index.php\/wp-json\/wp\/v2\/pages\/6680\/revisions"}],"predecessor-version":[{"id":9189,"href":"http:\/\/fundaciolluiscoromina.org\/index.php\/wp-json\/wp\/v2\/pages\/6680\/revisions\/9189"}],"wp:attachment":[{"href":"http:\/\/fundaciolluiscoromina.org\/index.php\/wp-json\/wp\/v2\/media?parent=6680"}],"curies":[{"name":"wp","href":"https:\/\/api.w.org\/{rel}","templated":true}]}}

<div style="height:100px" aria-hidden="true" class="wp-block-spacer"></div>


<style></style><div class="wplp_outside wplp_widget_6780" style="max-width:100%;"><div id="wplp_widget_6780" class="wplp_widget_default wplp_container vertical swiper wplp-swiper default cols1" data-theme="default" data-post="6780" style="" data-max-elts="4" data-per-page="10"><div class="wplp_listposts swiper-wrapper" id="default_6780" style="width: 100%;" ><div class="swiper-slide" style=""><div class="insideframe"><div id="wplp_box_top_6780_9632" class="wpcu-front-box top equalHeightImg" ><div class="wplp-box-item"><a href="http://fundaciolluiscoromina.org/index.php/2026/08/31/lespai-isern-dalmau-de-barcelona-inaugura-lexposicio-el-cos-dels-cossos-de-lartista-colombia-leonel-castaneda-galeano/"  class="thumbnail"><span class="img_cropper" style="margin-right:4px;margin-bottom:4px;max-width:100%;"><img decoding="async" src="http://fundaciolluiscoromina.org/wp-content/uploads/2026/08/LCastaneda-scaled.jpg" style="aspect-ratio:4/3;" srcset="http://fundaciolluiscoromina.org/wp-content/uploads/2026/08/LCastaneda-scaled.jpg 2560w, http://fundaciolluiscoromina.org/wp-content/uploads/2026/08/LCastaneda-300x200.jpg 300w, http://fundaciolluiscoromina.org/wp-content/uploads/2026/08/LCastaneda-1024x684.jpg 1024w, http://fundaciolluiscoromina.org/wp-content/uploads/2026/08/LCastaneda-768x513.jpg 768w, http://fundaciolluiscoromina.org/wp-content/uploads/2026/08/LCastaneda-1536x1026.jpg 1536w, http://fundaciolluiscoromina.org/wp-content/uploads/2026/08/LCastaneda-2048x1368.jpg 2048w" alt="L&#8217;Espai Isern Dalmau de Barcelona inaugura l&#8217;exposició &#8216;El cos dels cossos&#8217; de l&#8217;artista colombià Leonel Castañeda Galeano" class="wplp_thumb" /></span></a><a href="http://fundaciolluiscoromina.org/index.php/2026/08/31/lespai-isern-dalmau-de-barcelona-inaugura-lexposicio-el-cos-dels-cossos-de-lartista-colombia-leonel-castaneda-galeano/"  class="title">L&#8217;Espai Isern Dalmau de Barcelona inaugura l&#8217;exposició &#8216;El cos dels cossos&#8217; de l&#8217;artista colombià Leonel Castañeda Galeano</a></div></div><div id="wplp_box_left_6780_9632" class="wpcu-front-box left wpcu-custom-position" ><div class="wplp-box-item"></div></div><div id="wplp_box_right_6780_9632" class="wpcu-front-box right wpcu-custom-position" ><div class="wplp-box-item"></div></div><div id="wplp_box_bottom_6780_9632" class="wpcu-front-box bottom " ><div class="wplp-box-item"><span class="date">31 d'agost de 2026</span><a href="http://fundaciolluiscoromina.org/index.php/2026/08/31/lespai-isern-dalmau-de-barcelona-inaugura-lexposicio-el-cos-dels-cossos-de-lartista-colombia-leonel-castaneda-galeano/"  class="text"><span style="max-height:2.8em" class="line_limit">El pròxim dijous 3 de setembre, a les 19 h, l&#8217;Espai Isern Dalmau de Barcelona acollirà la inauguració de l&#8217;exposició El &#8230;</span><span style="margin-left:3px; max-height:2.8em" class="line_limit"> [...]</span></a><span class="custom_fields">
<!-- WPLP Unknown field: Custom_Fields -->
</span><a href="http://fundaciolluiscoromina.org/index.php/2026/08/31/lespai-isern-dalmau-de-barcelona-inaugura-lexposicio-el-cos-dels-cossos-de-lartista-colombia-leonel-castaneda-galeano/"  class="read-more">Read more...</a></div></div></div></div><div class="swiper-slide" style=""><div class="insideframe"><div id="wplp_box_top_6780_9570" class="wpcu-front-box top equalHeightImg" ><div class="wplp-box-item"><a href="http://fundaciolluiscoromina.org/index.php/2026/08/18/lespai-eat-art-acull-lexposicio-brossa-portatil-la-maleta-museu-dedicada-a-lunivers-visual-de-joan-brossa/"  class="thumbnail"><span class="img_cropper" style="margin-right:4px;margin-bottom:4px;max-width:100%;"><img decoding="async" src="http://fundaciolluiscoromina.org/wp-content/uploads/2026/08/Captura-de-pantalla-2026-08-08-a-las-18.59.50.png" style="aspect-ratio:4/3;" srcset="http://fundaciolluiscoromina.org/wp-content/uploads/2026/08/Captura-de-pantalla-2026-08-08-a-las-18.59.50.png 1312w, http://fundaciolluiscoromina.org/wp-content/uploads/2026/08/Captura-de-pantalla-2026-08-08-a-las-18.59.50-300x221.png 300w, http://fundaciolluiscoromina.org/wp-content/uploads/2026/08/Captura-de-pantalla-2026-08-08-a-las-18.59.50-1024x756.png 1024w, http://fundaciolluiscoromina.org/wp-content/uploads/2026/08/Captura-de-pantalla-2026-08-08-a-las-18.59.50-768x567.png 768w" alt="L&#8217;Espai Eat Art acull l&#8217;exposició &#8216;Brossa portàtil. La maleta museu&#8217;, dedicada a l&#8217;univers visual de Joan Brossa" class="wplp_thumb" /></span></a><a href="http://fundaciolluiscoromina.org/index.php/2026/08/18/lespai-eat-art-acull-lexposicio-brossa-portatil-la-maleta-museu-dedicada-a-lunivers-visual-de-joan-brossa/"  class="title">L&#8217;Espai Eat Art acull l&#8217;exposició &#8216;Brossa portàtil. La maleta museu&#8217;, dedicada a l&#8217;univers visual de Joan Brossa</a></div></div><div id="wplp_box_left_6780_9570" class="wpcu-front-box left wpcu-custom-position" ><div class="wplp-box-item"></div></div><div id="wplp_box_right_6780_9570" class="wpcu-front-box right wpcu-custom-position" ><div class="wplp-box-item"></div></div><div id="wplp_box_bottom_6780_9570" class="wpcu-front-box bottom " ><div class="wplp-box-item"><span class="date">18 d'agost de 2026</span><a href="http://fundaciolluiscoromina.org/index.php/2026/08/18/lespai-eat-art-acull-lexposicio-brossa-portatil-la-maleta-museu-dedicada-a-lunivers-visual-de-joan-brossa/"  class="text"><span style="max-height:2.8em" class="line_limit">A partir del divendres 21 d&#8217;agost, l&#8217;Espai Eat Art de Banyoles acollirà l&#8217;exposició Brossa portàtil. La maleta museu, comissariada pel crític d’art &#8230;</span><span style="margin-left:3px; max-height:2.8em" class="line_limit"> [...]</span></a><span class="custom_fields">
<!-- WPLP Unknown field: Custom_Fields -->
</span><a href="http://fundaciolluiscoromina.org/index.php/2026/08/18/lespai-eat-art-acull-lexposicio-brossa-portatil-la-maleta-museu-dedicada-a-lunivers-visual-de-joan-brossa/"  class="read-more">Read more...</a></div></div></div></div><div class="swiper-slide" style=""><div class="insideframe"><div id="wplp_box_top_6780_9569" class="wpcu-front-box top equalHeightImg" ><div class="wplp-box-item"><a href="http://fundaciolluiscoromina.org/index.php/2026/07/31/la-fundacio-lluis-coromina-isern-tancada-durant-el-mes-dagost/"  class="thumbnail"><span class="img_cropper" style="margin-right:4px;margin-bottom:4px;max-width:100%;"><img decoding="async" src="http://fundaciolluiscoromina.org/wp-content/uploads/2026/07/Dibuix-Directe-2026-009-scaled.jpg" style="aspect-ratio:4/3;" srcset="http://fundaciolluiscoromina.org/wp-content/uploads/2026/07/Dibuix-Directe-2026-009-scaled.jpg 2560w, http://fundaciolluiscoromina.org/wp-content/uploads/2026/07/Dibuix-Directe-2026-009-300x200.jpg 300w, http://fundaciolluiscoromina.org/wp-content/uploads/2026/07/Dibuix-Directe-2026-009-1024x683.jpg 1024w, http://fundaciolluiscoromina.org/wp-content/uploads/2026/07/Dibuix-Directe-2026-009-768x512.jpg 768w, http://fundaciolluiscoromina.org/wp-content/uploads/2026/07/Dibuix-Directe-2026-009-1536x1024.jpg 1536w, http://fundaciolluiscoromina.org/wp-content/uploads/2026/07/Dibuix-Directe-2026-009-2048x1365.jpg 2048w" alt="La Fundació Lluís Coromina Isern, tancada durant el mes d&#8217;agost" class="wplp_thumb" /></span></a><a href="http://fundaciolluiscoromina.org/index.php/2026/07/31/la-fundacio-lluis-coromina-isern-tancada-durant-el-mes-dagost/"  class="title">La Fundació Lluís Coromina Isern, tancada durant el mes d&#8217;agost</a></div></div><div id="wplp_box_left_6780_9569" class="wpcu-front-box left wpcu-custom-position" ><div class="wplp-box-item"></div></div><div id="wplp_box_right_6780_9569" class="wpcu-front-box right wpcu-custom-position" ><div class="wplp-box-item"></div></div><div id="wplp_box_bottom_6780_9569" class="wpcu-front-box bottom " ><div class="wplp-box-item"><span class="date">31 de juliol de 2026</span><a href="http://fundaciolluiscoromina.org/index.php/2026/07/31/la-fundacio-lluis-coromina-isern-tancada-durant-el-mes-dagost/"  class="text"><span style="max-height:2.8em" class="line_limit">Durant el mes d’agost, la majoria dels espais de la Fundació Lluís Coromina Isern romandran tancats, amb algunes excepcions. En &#8230;</span><span style="margin-left:3px; max-height:2.8em" class="line_limit"> [...]</span></a><span class="custom_fields">
<!-- WPLP Unknown field: Custom_Fields -->
</span><a href="http://fundaciolluiscoromina.org/index.php/2026/07/31/la-fundacio-lluis-coromina-isern-tancada-durant-el-mes-dagost/"  class="read-more">Read more...</a></div></div></div></div><div class="swiper-slide" style=""><div class="insideframe"><div id="wplp_box_top_6780_9210" class="wpcu-front-box top equalHeightImg" ><div class="wplp-box-item"><a href="http://fundaciolluiscoromina.org/index.php/2026/06/11/lespai-isern-dalmau-de-barcelona-acull-la-inauguracio-de-lexposicio-glops-biennal-dart-jove/"  class="thumbnail"><span class="img_cropper" style="margin-right:4px;margin-bottom:4px;max-width:100%;"><img decoding="async" src="http://fundaciolluiscoromina.org/wp-content/uploads/2026/06/glops-amb-porrons8.png" style="aspect-ratio:4/3;" srcset="http://fundaciolluiscoromina.org/wp-content/uploads/2026/06/glops-amb-porrons8.png 1024w, http://fundaciolluiscoromina.org/wp-content/uploads/2026/06/glops-amb-porrons8-300x171.png 300w, http://fundaciolluiscoromina.org/wp-content/uploads/2026/06/glops-amb-porrons8-768x439.png 768w" alt="L’Espai Isern Dalmau de Barcelona acull la inauguració de l’exposició ‘Biennal d’Art Jove Glops’" class="wplp_thumb" /></span></a><a href="http://fundaciolluiscoromina.org/index.php/2026/06/11/lespai-isern-dalmau-de-barcelona-acull-la-inauguracio-de-lexposicio-glops-biennal-dart-jove/"  class="title">L’Espai Isern Dalmau de Barcelona acull la inauguració de l’exposició ‘Biennal d’Art Jove Glops’</a></div></div><div id="wplp_box_left_6780_9210" class="wpcu-front-box left wpcu-custom-position" ><div class="wplp-box-item"></div></div><div id="wplp_box_right_6780_9210" class="wpcu-front-box right wpcu-custom-position" ><div class="wplp-box-item"></div></div><div id="wplp_box_bottom_6780_9210" class="wpcu-front-box bottom " ><div class="wplp-box-item"><span class="date">11 de juny de 2026</span><a href="http://fundaciolluiscoromina.org/index.php/2026/06/11/lespai-isern-dalmau-de-barcelona-acull-la-inauguracio-de-lexposicio-glops-biennal-dart-jove/"  class="text"><span style="max-height:2.8em" class="line_limit">El pròxim dimecres 17 de juny, a les 19 h, l’Espai Isern Dalmau de Barcelona acollirà la inauguració de Biennal &#8230;</span><span style="margin-left:3px; max-height:2.8em" class="line_limit"> [...]</span></a><span class="custom_fields">
<!-- WPLP Unknown field: Custom_Fields -->
</span><a href="http://fundaciolluiscoromina.org/index.php/2026/06/11/lespai-isern-dalmau-de-barcelona-acull-la-inauguracio-de-lexposicio-glops-biennal-dart-jove/"  class="read-more">Read more...</a></div></div></div></div></div><div class="swiper-button-next"></div><div class="swiper-button-prev"></div><div class="swiper-pagination"></div></div></div>
