{"id":6832,"date":"2025-07-09T18:38:03","date_gmt":"2025-07-09T16:38:03","guid":{"rendered":"https:\/\/test.fundaciolluiscoromina.org\/?page_id=6832"},"modified":"2025-07-09T18:38:03","modified_gmt":"2025-07-09T16:38:03","slug":"avis-legal","status":"publish","type":"page","link":"http:\/\/fundaciolluiscoromina.org\/index.php\/avis-legal\/","title":{"rendered":"Av\u00eds Legal"},"content":{"rendered":"\n<h2 class=\"wp-block-heading\">Av\u00eds legal<\/h2>\n\n\n\n<p class=\"wp-block-paragraph\">El domini http:\/\/www.fundaciolluiscoromina.org\/ \u00e9s propietat de Fundaci\u00f3 Llu\u00eds Coromina&nbsp;amb el NIF XXX, situat al carrer&nbsp;Girona, 161 \u2013 17820 Banyoles (Girona). Tamb\u00e9 pot posar-se en contacte amb nosaltres al tel\u00e8fon 972 58 34 77&nbsp;o a la direcci\u00f3&nbsp;<a href=\"mailto:fundacio@fundaciolluiscoromina.org\">fundacio@fundaciolluiscoromina.org<\/a>.<\/p>\n\n\n\n<p class=\"wp-block-paragraph\"><strong>Propietat intel\u00b7lectual i industrial<\/strong><\/p>\n\n\n\n<p class=\"wp-block-paragraph\">La totalitat del contingut d\u2019aquest lloc web est\u00e0 protegit per drets de propietat industrial i intel\u00b7lectual que l\u2019usuari d\u2019aquest lloc web ha de respectar. Queda prohibida la reproducci\u00f3, excepte per a \u00fas privat, la comunicaci\u00f3 o distribuci\u00f3 dels materials inclosos en aquest lloc web sense autoritzaci\u00f3 expressa de&nbsp;la Fundaci\u00f3 Llu\u00eds Coromina.<\/p>\n\n\n\n<p class=\"wp-block-paragraph\"><strong>Protecci\u00f3 de dades<\/strong><\/p>\n\n\n\n<p class=\"wp-block-paragraph\">De conformitat amb el que disposa la Llei Org\u00e0nica 15\/1999, de 13 de desembre, de Protecci\u00f3 de Dades de Car\u00e0cter Personal (LOPD), l\u2019informem que les seves dades personals s\u00f3n incorporades en fitxers titularitat de la Fundaci\u00f3 Llu\u00eds Coromina&nbsp;amb la finalitat de poder atendre adequadament les seves peticions d\u2019informaci\u00f3 i elaborar els pressupostos que pugui sol\u00b7licitar. Per exercir els drets d\u2019acc\u00e9s, rectificaci\u00f3, cancel\u00b7laci\u00f3 i oposici\u00f3 que contempla la llei pot dirigir-se mitjan\u00e7ant carta a Fundaci\u00f3 Llu\u00eds Coromina,carrer&nbsp;Girona, 161 \u2013 17820 Banyoles (Girona), Ref. Protecci\u00f3 de dades.<\/p>\n","protected":false},"excerpt":{"rendered":"<p>Av\u00eds legal El domini http:\/\/www.fundaciolluiscoromina.org\/ \u00e9s propietat de Fundaci\u00f3 Llu\u00eds Coromina&nbsp;amb el NIF XXX, situat al carrer&nbsp;Girona, 161 \u2013 17820 &#8230;<\/p>\n","protected":false},"author":1,"featured_media":0,"parent":0,"menu_order":0,"comment_status":"closed","ping_status":"closed","template":"","meta":{"footnotes":""},"class_list":["post-6832","page","type-page","status-publish","hentry"],"_links":{"self":[{"href":"http:\/\/fundaciolluiscoromina.org\/index.php\/wp-json\/wp\/v2\/pages\/6832","targetHints":{"allow":["GET"]}}],"collection":[{"href":"http:\/\/fundaciolluiscoromina.org\/index.php\/wp-json\/wp\/v2\/pages"}],"about":[{"href":"http:\/\/fundaciolluiscoromina.org\/index.php\/wp-json\/wp\/v2\/types\/page"}],"author":[{"embeddable":true,"href":"http:\/\/fundaciolluiscoromina.org\/index.php\/wp-json\/wp\/v2\/users\/1"}],"replies":[{"embeddable":true,"href":"http:\/\/fundaciolluiscoromina.org\/index.php\/wp-json\/wp\/v2\/comments?post=6832"}],"version-history":[{"count":1,"href":"http:\/\/fundaciolluiscoromina.org\/index.php\/wp-json\/wp\/v2\/pages\/6832\/revisions"}],"predecessor-version":[{"id":6833,"href":"http:\/\/fundaciolluiscoromina.org\/index.php\/wp-json\/wp\/v2\/pages\/6832\/revisions\/6833"}],"wp:attachment":[{"href":"http:\/\/fundaciolluiscoromina.org\/index.php\/wp-json\/wp\/v2\/media?parent=6832"}],"curies":[{"name":"wp","href":"https:\/\/api.w.org\/{rel}","templated":true}]}}

Avís Legal

<h2 class="wp-block-heading">Avís legal</h2>



<p class="wp-block-paragraph">El domini http://www.fundaciolluiscoromina.org/ és propietat de Fundació Lluís Coromina&nbsp;amb el NIF XXX, situat al carrer&nbsp;Girona, 161 – 17820 Banyoles (Girona). També pot posar-se en contacte amb nosaltres al telèfon 972 58 34 77&nbsp;o a la direcció&nbsp;<a href="mailto:fundacio@fundaciolluiscoromina.org">fundacio@fundaciolluiscoromina.org</a>.</p>



<p class="wp-block-paragraph"><strong>Propietat intel·lectual i industrial</strong></p>



<p class="wp-block-paragraph">La totalitat del contingut d’aquest lloc web està protegit per drets de propietat industrial i intel·lectual que l’usuari d’aquest lloc web ha de respectar. Queda prohibida la reproducció, excepte per a ús privat, la comunicació o distribució dels materials inclosos en aquest lloc web sense autorització expressa de&nbsp;la Fundació Lluís Coromina.</p>



<p class="wp-block-paragraph"><strong>Protecció de dades</strong></p>



<p class="wp-block-paragraph">De conformitat amb el que disposa la Llei Orgànica 15/1999, de 13 de desembre, de Protecció de Dades de Caràcter Personal (LOPD), l’informem que les seves dades personals són incorporades en fitxers titularitat de la Fundació Lluís Coromina&nbsp;amb la finalitat de poder atendre adequadament les seves peticions d’informació i elaborar els pressupostos que pugui sol·licitar. Per exercir els drets d’accés, rectificació, cancel·lació i oposició que contempla la llei pot dirigir-se mitjançant carta a Fundació Lluís Coromina,carrer&nbsp;Girona, 161 – 17820 Banyoles (Girona), Ref. Protecció de dades.</p>

<p>Avís legal El domini http://www.fundaciolluiscoromina.org/ és propietat de Fundació Lluís Coromina&nbsp;amb el NIF XXX, situat al carrer&nbsp;Girona, 161 – 17820 &#8230;</p>
