{"id":7372,"date":"2025-08-05T11:24:10","date_gmt":"2025-08-05T09:24:10","guid":{"rendered":"https:\/\/test.fundaciolluiscoromina.org\/?page_id=7372"},"modified":"2026-05-08T11:36:37","modified_gmt":"2026-05-08T09:36:37","slug":"eat-art","status":"publish","type":"page","link":"http:\/\/fundaciolluiscoromina.org\/index.php\/eat-art\/","title":{"rendered":"Eat Art"},"content":{"rendered":"<\/div><div class=\"full-page-width center-relative\">\n<script> var slider2_speed = \"2000\";\r\n                var slider2_auto = \"false\";                                \r\n                var slider2_items = \"1\";                \r\n                var slider2_gap = \"0\";                \r\n    <\/script>\r\n    <div id = \"slider2\" class=\"image-slider-wrapper relative swiper-container\">\r\n    <div class = \"swiper-wrapper image-slider slider\">\r\n            \n<div class=\"swiper-slide\"><img src = \"http:\/\/test.fundaciolluiscoromina.org\/wp-content\/uploads\/2026\/02\/EatArt_01.jpg\" alt = \"\" \/><\/div>\n<div class=\"swiper-slide\"><img src = \"http:\/\/test.fundaciolluiscoromina.org\/wp-content\/uploads\/2026\/02\/EatArt_03.jpg\" alt = \"\" \/><\/div>\n<div class=\"swiper-slide\"><img src = \"http:\/\/test.fundaciolluiscoromina.org\/wp-content\/uploads\/2026\/02\/EatArt_02.jpg\" alt = \"\" \/><\/div>\n<div class=\"swiper-slide\"><img src = \"http:\/\/test.fundaciolluiscoromina.org\/wp-content\/uploads\/2026\/02\/jardi4.jpg\" alt = \"\" \/><\/div>\n\r\n        <\/div><div class = \"clear\"><\/div><\/div><div class=\"swiper-pagination swiper-pagination-slider2 dots\"><\/div><div class=\"swiper-scrollbar swiper-scrollbar-slider2 dots\"><\/div>\n<\/div><div class=\"content-1170 center-relative\">\n\n\n\n<p class=\"wp-block-paragraph\">El mes d\u2019octubre 2010 i durant les festes de Sant Martiri\u00e0 de Banyoles es va inaugurar la nova etapa <em>d<\/em> <em>l\u2019Espai Eat Art <\/em>i que, fins al moment, coneix\u00edem amb el nom de l\u2019Espai d\u2019Art Contemporani Llu\u00eds Vil\u00e0 i, encara m\u00e9s anteriorment, com a galeria Cort. Un canvi de nom, de funcionament i de l\u00ednia que vol ser un centre de refer\u00e8ncia sobre el concepte art\u00edstic d\u2019Eat Art -art del menjar\u2013 i del qual l\u2019artista banyol\u00ed en fou un dels m\u00e0xim exponents a nivell catal\u00e0. Durant aquests anys hi ha exposat noms de refer\u00e8ncia del m\u00f3n de l\u2019art i el menjar com Ferran Adri\u00e0, Els germans Roca, Pere Arpa\u2026 fot\u00f2grafs com Francesc Guillamet i Tino Soriano o escultors multidisciplinars com Joan Crous, Fran Aleu i Xavier Escrib\u00e0, entre altres. Cal destacar els dissenyador industrials Andreu Carulla, Pere Gifre, Enserio, Rafael Marquina o Daniel Molina. L\u2019espai tamb\u00e9 ha rebut el suport de cr\u00edtics gastron\u00f2mics con Salvador Garc\u00eda-Arb\u00f3s, Jaume F\u00e0brega o Jaume Coll.<\/p>\n\n\n\n<p class=\"wp-block-paragraph\">L\u2019espai a partir del 2020 far\u00e0 alhora una doble funci\u00f3, per una banda de centre cultural i, per altra part, d\u2019espai de resid\u00e8ncia d\u2019autors, biblioteca especialitzada, aix\u00ed com confer\u00e8ncies i tallers creatius d\u2019eat art. En aquest sentit, l\u2019espai no nom\u00e9s ha treballat amb el m\u00f3n de l\u2019art sin\u00f3 amb la resta de teixit social amplificant el discurs de la dimensi\u00f3 social de la cultura.<\/p>\n\n\n\n<p class=\"wp-block-paragraph\"><\/p>\n\n\n\n<div class=\"wp-block-group\"><div class=\"wp-block-group__inner-container is-layout-constrained wp-block-group-is-layout-constrained\"><p>&nbsp;<\/p>\n<p><strong>Espai Eat Art<\/strong><\/p>\n<h4>\n<span style=\"color: #adadad;\">Adre\u00e7a:<\/span> Pla\u00e7a Major 33, 17820&nbsp; Banyoles <span style=\"color: #adadad;\">Tel\u00e8fon:<\/span> +34 972583477 <span style=\"color: #adadad;\"> Horaris:<\/span> De dimecres a divendres de 17h a 20h. dissabtes de 10:30h a 13:30h i de 17h a 20h<\/h4>\n<\/div><\/div>\n\n\n<p>&nbsp;<\/p>\n\n\n\n<div style=\"height:100px\" aria-hidden=\"true\" class=\"wp-block-spacer\"><\/div>\n\n\n\n<h1 class=\"wp-block-heading has-text-align-center has-medium-font-size\"><class=\"wp-block-heading has-text-align-center=\"\" has-medium-font-size\"=\"\"><strong>EXPOSICI\u00d3 ACTUAL<\/strong><\/class=\"wp-block-heading><\/h1>\n\n\n\n<div style=\"height:100px\" aria-hidden=\"true\" class=\"wp-block-spacer\"><\/div>\n\n\n\n<div class=\"wp-block-group alignfull is-horizontal is-content-justification-center is-nowrap is-layout-flex wp-container-core-group-is-layout-86cd089a wp-block-group-is-layout-flex\">\n<div class=\"wp-block-group\"><div class=\"wp-block-group__inner-container is-layout-constrained wp-block-group-is-layout-constrained\"><ul style=\"font-style:normal;font-weight:600\" class=\"wp-block-latest-posts__list wp-block-latest-posts has-medium-font-size is-layout-flow wp-block-latest-posts-is-layout-flow\"><li><div class=\"wp-block-latest-posts__featured-image\"><a href=\"http:\/\/fundaciolluiscoromina.org\/index.php\/2026\/08\/18\/lespai-eat-art-acull-lexposicio-brossa-portatil-la-maleta-museu-dedicada-a-lunivers-visual-de-joan-brossa\/\" aria-label=\"L&#8217;Espai Eat Art acull l&#8217;exposici\u00f3 &#8216;Brossa port\u00e0til. La maleta museu&#8217;, dedicada a l&#8217;univers visual de Joan Brossa\"><img loading=\"lazy\" decoding=\"async\" width=\"1024\" height=\"756\" src=\"http:\/\/fundaciolluiscoromina.org\/wp-content\/uploads\/2026\/08\/Captura-de-pantalla-2026-08-08-a-las-18.59.50-1024x756.png\" class=\"attachment-large size-large wp-post-image\" alt=\"\" style=\"max-width:1024px;max-height:1024px;\" srcset=\"http:\/\/fundaciolluiscoromina.org\/wp-content\/uploads\/2026\/08\/Captura-de-pantalla-2026-08-08-a-las-18.59.50-1024x756.png 1024w, http:\/\/fundaciolluiscoromina.org\/wp-content\/uploads\/2026\/08\/Captura-de-pantalla-2026-08-08-a-las-18.59.50-300x221.png 300w, http:\/\/fundaciolluiscoromina.org\/wp-content\/uploads\/2026\/08\/Captura-de-pantalla-2026-08-08-a-las-18.59.50-768x567.png 768w, http:\/\/fundaciolluiscoromina.org\/wp-content\/uploads\/2026\/08\/Captura-de-pantalla-2026-08-08-a-las-18.59.50.png 1312w\" sizes=\"auto, (max-width: 1024px) 100vw, 1024px\" \/><\/a><\/div><a class=\"wp-block-latest-posts__post-title\" href=\"http:\/\/fundaciolluiscoromina.org\/index.php\/2026\/08\/18\/lespai-eat-art-acull-lexposicio-brossa-portatil-la-maleta-museu-dedicada-a-lunivers-visual-de-joan-brossa\/\">L&#8217;Espai Eat Art acull l&#8217;exposici\u00f3 &#8216;Brossa port\u00e0til. La maleta museu&#8217;, dedicada a l&#8217;univers visual de Joan Brossa<\/a><\/li>\n<\/ul><\/div><\/div>\n<\/div>\n","protected":false},"excerpt":{"rendered":"<p>El mes d\u2019octubre 2010 i durant les festes de Sant Martiri\u00e0 de Banyoles es va inaugurar la nova etapa d &#8230;<\/p>\n","protected":false},"author":1,"featured_media":0,"parent":0,"menu_order":0,"comment_status":"closed","ping_status":"closed","template":"","meta":{"footnotes":""},"class_list":["post-7372","page","type-page","status-publish","hentry"],"_links":{"self":[{"href":"http:\/\/fundaciolluiscoromina.org\/index.php\/wp-json\/wp\/v2\/pages\/7372","targetHints":{"allow":["GET"]}}],"collection":[{"href":"http:\/\/fundaciolluiscoromina.org\/index.php\/wp-json\/wp\/v2\/pages"}],"about":[{"href":"http:\/\/fundaciolluiscoromina.org\/index.php\/wp-json\/wp\/v2\/types\/page"}],"author":[{"embeddable":true,"href":"http:\/\/fundaciolluiscoromina.org\/index.php\/wp-json\/wp\/v2\/users\/1"}],"replies":[{"embeddable":true,"href":"http:\/\/fundaciolluiscoromina.org\/index.php\/wp-json\/wp\/v2\/comments?post=7372"}],"version-history":[{"count":11,"href":"http:\/\/fundaciolluiscoromina.org\/index.php\/wp-json\/wp\/v2\/pages\/7372\/revisions"}],"predecessor-version":[{"id":8837,"href":"http:\/\/fundaciolluiscoromina.org\/index.php\/wp-json\/wp\/v2\/pages\/7372\/revisions\/8837"}],"wp:attachment":[{"href":"http:\/\/fundaciolluiscoromina.org\/index.php\/wp-json\/wp\/v2\/media?parent=7372"}],"curies":[{"name":"wp","href":"https:\/\/api.w.org\/{rel}","templated":true}]}}

</div><div class="full-page-width center-relative">
<script> var slider2_speed = "2000";
                var slider2_auto = "false";                                
                var slider2_items = "1";                
                var slider2_gap = "0";                
    </script>
    <div id = "slider2" class="image-slider-wrapper relative swiper-container">
    <div class = "swiper-wrapper image-slider slider">
            
<div class="swiper-slide"><img src = "http://test.fundaciolluiscoromina.org/wp-content/uploads/2026/02/EatArt_01.jpg" alt = "" /></div>
<div class="swiper-slide"><img src = "http://test.fundaciolluiscoromina.org/wp-content/uploads/2026/02/EatArt_03.jpg" alt = "" /></div>
<div class="swiper-slide"><img src = "http://test.fundaciolluiscoromina.org/wp-content/uploads/2026/02/EatArt_02.jpg" alt = "" /></div>
<div class="swiper-slide"><img src = "http://test.fundaciolluiscoromina.org/wp-content/uploads/2026/02/jardi4.jpg" alt = "" /></div>

        </div><div class = "clear"></div></div><div class="swiper-pagination swiper-pagination-slider2 dots"></div><div class="swiper-scrollbar swiper-scrollbar-slider2 dots"></div>
</div><div class="content-1170 center-relative">



<p class="wp-block-paragraph">El mes d’octubre 2010 i durant les festes de Sant Martirià de Banyoles es va inaugurar la nova etapa <em>d</em> <em>l’Espai Eat Art </em>i que, fins al moment, coneixíem amb el nom de l’Espai d’Art Contemporani Lluís Vilà i, encara més anteriorment, com a galeria Cort. Un canvi de nom, de funcionament i de línia que vol ser un centre de referència sobre el concepte artístic d’Eat Art -art del menjar– i del qual l’artista banyolí en fou un dels màxim exponents a nivell català. Durant aquests anys hi ha exposat noms de referència del món de l’art i el menjar com Ferran Adrià, Els germans Roca, Pere Arpa… fotògrafs com Francesc Guillamet i Tino Soriano o escultors multidisciplinars com Joan Crous, Fran Aleu i Xavier Escribà, entre altres. Cal destacar els dissenyador industrials Andreu Carulla, Pere Gifre, Enserio, Rafael Marquina o Daniel Molina. L’espai també ha rebut el suport de crítics gastronòmics con Salvador García-Arbós, Jaume Fàbrega o Jaume Coll.</p>



<p class="wp-block-paragraph">L’espai a partir del 2020 farà alhora una doble funció, per una banda de centre cultural i, per altra part, d’espai de residència d’autors, biblioteca especialitzada, així com conferències i tallers creatius d’eat art. En aquest sentit, l’espai no només ha treballat amb el món de l’art sinó amb la resta de teixit social amplificant el discurs de la dimensió social de la cultura.</p>



<p class="wp-block-paragraph"></p>



<div class="wp-block-group"><div class="wp-block-group__inner-container is-layout-constrained wp-block-group-is-layout-constrained"><p>&nbsp;</p>
<p><strong>Espai Eat Art</strong></p>
<h4>
<span style="color: #adadad;">Adreça:</span> Plaça Major 33, 17820&nbsp; Banyoles <span style="color: #adadad;">Telèfon:</span> +34 972583477 <span style="color: #adadad;"> Horaris:</span> De dimecres a divendres de 17h a 20h. dissabtes de 10:30h a 13:30h i de 17h a 20h</h4>
</div></div>


<p>&nbsp;</p>



<div style="height:100px" aria-hidden="true" class="wp-block-spacer"></div>



<h1 class="wp-block-heading has-text-align-center has-medium-font-size"><class="wp-block-heading has-text-align-center="" has-medium-font-size"=""><strong>EXPOSICIÓ ACTUAL</strong></class="wp-block-heading></h1>



<div style="height:100px" aria-hidden="true" class="wp-block-spacer"></div>



<div class="wp-block-group alignfull is-horizontal is-content-justification-center is-nowrap is-layout-flex wp-container-core-group-is-layout-86cd089a wp-block-group-is-layout-flex">
<div class="wp-block-group"><div class="wp-block-group__inner-container is-layout-constrained wp-block-group-is-layout-constrained"><ul style="font-style:normal;font-weight:600" class="wp-block-latest-posts__list wp-block-latest-posts has-medium-font-size is-layout-flow wp-block-latest-posts-is-layout-flow"><li><div class="wp-block-latest-posts__featured-image"><a href="http://fundaciolluiscoromina.org/index.php/2026/08/18/lespai-eat-art-acull-lexposicio-brossa-portatil-la-maleta-museu-dedicada-a-lunivers-visual-de-joan-brossa/" aria-label="L&#8217;Espai Eat Art acull l&#8217;exposició &#8216;Brossa portàtil. La maleta museu&#8217;, dedicada a l&#8217;univers visual de Joan Brossa"><img loading="lazy" decoding="async" width="1024" height="756" src="http://fundaciolluiscoromina.org/wp-content/uploads/2026/08/Captura-de-pantalla-2026-08-08-a-las-18.59.50-1024x756.png" class="attachment-large size-large wp-post-image" alt="" style="max-width:1024px;max-height:1024px;" srcset="http://fundaciolluiscoromina.org/wp-content/uploads/2026/08/Captura-de-pantalla-2026-08-08-a-las-18.59.50-1024x756.png 1024w, http://fundaciolluiscoromina.org/wp-content/uploads/2026/08/Captura-de-pantalla-2026-08-08-a-las-18.59.50-300x221.png 300w, http://fundaciolluiscoromina.org/wp-content/uploads/2026/08/Captura-de-pantalla-2026-08-08-a-las-18.59.50-768x567.png 768w, http://fundaciolluiscoromina.org/wp-content/uploads/2026/08/Captura-de-pantalla-2026-08-08-a-las-18.59.50.png 1312w" sizes="auto, (max-width: 1024px) 100vw, 1024px" /></a></div><a class="wp-block-latest-posts__post-title" href="http://fundaciolluiscoromina.org/index.php/2026/08/18/lespai-eat-art-acull-lexposicio-brossa-portatil-la-maleta-museu-dedicada-a-lunivers-visual-de-joan-brossa/">L&#8217;Espai Eat Art acull l&#8217;exposició &#8216;Brossa portàtil. La maleta museu&#8217;, dedicada a l&#8217;univers visual de Joan Brossa</a></li>
</ul></div></div>
</div>

<p>El mes d’octubre 2010 i durant les festes de Sant Martirià de Banyoles es va inaugurar la nova etapa d &#8230;</p>
