{"id":9162,"date":"2026-06-17T18:21:25","date_gmt":"2026-06-17T16:21:25","guid":{"rendered":"http:\/\/test.fundaciolluiscoromina.org\/?page_id=9162"},"modified":"2026-06-17T20:13:23","modified_gmt":"2026-06-17T18:13:23","slug":"exposicions-externes","status":"publish","type":"page","link":"http:\/\/fundaciolluiscoromina.org\/index.php\/exposicions-externes\/","title":{"rendered":"Exposicions Externes"},"content":{"rendered":"\n<div style=\"height:100px\" aria-hidden=\"true\" class=\"wp-block-spacer\"><\/div>\n\n\n<style><\/style><div class=\"wplp_outside wplp_widget_9187\" style=\"max-width:100%;\"><div id=\"wplp_widget_9187\" class=\"wplp_widget_default wplp_container vertical swiper wplp-swiper default cols1\" data-theme=\"default\" data-post=\"9187\" style=\"\" data-max-elts=\"2\" data-per-page=\"10\"><div class=\"wplp_listposts swiper-wrapper\" id=\"default_9187\" style=\"width: 100%;\" ><div class=\"swiper-slide\" style=\"\"><div class=\"insideframe\"><div id=\"wplp_box_top_9187_7624\" class=\"wpcu-front-box top equalHeightImg\" ><div class=\"wplp-box-item\"><a href=\"http:\/\/fundaciolluiscoromina.org\/index.php\/2025\/12\/19\/la-galeria-miguel-marcos-inaugura-lexposicio-artsalut-amb-el-suport-de-la-fundacio-lluis-coromina-isern\/\"  class=\"thumbnail\"><span class=\"img_cropper\" style=\"margin-right:4px;margin-bottom:4px;max-width:100%;\"><img decoding=\"async\" src=\"http:\/\/fundaciolluiscoromina.org\/wp-content\/uploads\/2025\/12\/MIRA-REVELACION-II-1983-1055-X-755-OLEO-SOBRE-CARTON-MADERA.jpg\" style=\"aspect-ratio:4\/3;\" srcset=\"http:\/\/fundaciolluiscoromina.org\/wp-content\/uploads\/2025\/12\/MIRA-REVELACION-II-1983-1055-X-755-OLEO-SOBRE-CARTON-MADERA.jpg 2196w, http:\/\/fundaciolluiscoromina.org\/wp-content\/uploads\/2025\/12\/MIRA-REVELACION-II-1983-1055-X-755-OLEO-SOBRE-CARTON-MADERA-300x280.jpg 300w, http:\/\/fundaciolluiscoromina.org\/wp-content\/uploads\/2025\/12\/MIRA-REVELACION-II-1983-1055-X-755-OLEO-SOBRE-CARTON-MADERA-1024x957.jpg 1024w, http:\/\/fundaciolluiscoromina.org\/wp-content\/uploads\/2025\/12\/MIRA-REVELACION-II-1983-1055-X-755-OLEO-SOBRE-CARTON-MADERA-768x718.jpg 768w, http:\/\/fundaciolluiscoromina.org\/wp-content\/uploads\/2025\/12\/MIRA-REVELACION-II-1983-1055-X-755-OLEO-SOBRE-CARTON-MADERA-1536x1435.jpg 1536w, http:\/\/fundaciolluiscoromina.org\/wp-content\/uploads\/2025\/12\/MIRA-REVELACION-II-1983-1055-X-755-OLEO-SOBRE-CARTON-MADERA-2048x1914.jpg 2048w\" alt=\"La Galeria Miguel Marcos acull la inauguraci\u00f3 de l&#8217;exposici\u00f3 &#8216;Art&#038;Salut&#8217;, amb el suport de la Fundaci\u00f3 Llu\u00eds Coromina Isern\" class=\"wplp_thumb\" \/><\/span><\/a><a href=\"http:\/\/fundaciolluiscoromina.org\/index.php\/2025\/12\/19\/la-galeria-miguel-marcos-inaugura-lexposicio-artsalut-amb-el-suport-de-la-fundacio-lluis-coromina-isern\/\"  class=\"title\">La Galeria Miguel Marcos acull la inauguraci\u00f3 de l&#8217;exposici\u00f3 &#8216;Art&#038;Salut&#8217;, amb el suport de la Fundaci\u00f3 Llu\u00eds Coromina Isern<\/a><\/div><\/div><div id=\"wplp_box_left_9187_7624\" class=\"wpcu-front-box left wpcu-custom-position\" ><div class=\"wplp-box-item\"><\/div><\/div><div id=\"wplp_box_right_9187_7624\" class=\"wpcu-front-box right wpcu-custom-position\" ><div class=\"wplp-box-item\"><\/div><\/div><div id=\"wplp_box_bottom_9187_7624\" class=\"wpcu-front-box bottom \" ><div class=\"wplp-box-item\"><span class=\"date\">19 de desembre de 2025<\/span><a href=\"http:\/\/fundaciolluiscoromina.org\/index.php\/2025\/12\/19\/la-galeria-miguel-marcos-inaugura-lexposicio-artsalut-amb-el-suport-de-la-fundacio-lluis-coromina-isern\/\"  class=\"text\"><span style=\"max-height:2.8em\" class=\"line_limit\">El pr\u00f2xim dimarts 23 de desembre, a les 19 h, la Galeria Miguel Marcos inaugurar\u00e0 l&#8217;exposici\u00f3\u00a0Art&amp;Salut, una mostra solid\u00e0ria impulsada conjuntament amb Bonart Cultural que compta amb el suport de la Fundaci\u00f3 Llu\u00eds Coromina Isern i la col\u00b7laboraci\u00f3 de l&#8217;Hospital Cl\u00ednic de Barcelona.\n\nUn projecte que proposa un di\u00e0leg inspirador entre l&#8217;art contemporani i la recerca en salut mental, en un recorregut expositiu que compta amb la pres\u00e8ncia d\u2019artistes com Joan Brossa, Carlos Franco, V\u00edctor Mira i Malka Aversa. Els fons recaptats es destinaran parcialment al projecte PUZZLE, un programa dedicat a l\u2019estudi i a la millora del tractament de l\u2019esquizofr\u00e8nia a l\u2019Hospital Cl\u00ednic Barcelona.\u00a0Aquesta alian\u00e7a entre institucions culturals i cient\u00edfiques vol posar de relleu el paper clau de la cultura en la generaci\u00f3 d\u2019impacte social i en l\u2019aven\u00e7 del coneixement.\n\nL&#8217;exposici\u00f3 es podr\u00e0 visitar fins al divendres 9 de gener en horari d&#8217;obertura de l&#8217;espai: de dilluns a divendres d&#8217;11:30 h a 19 h.\n\n&nbsp;<\/span><span style=\"margin-left:3px; max-height:2.8em\" class=\"line_limit\"> [...]<\/span><\/a><span class=\"custom_fields\">\n<!-- WPLP Unknown field: Custom_Fields -->\n<\/span><a href=\"http:\/\/fundaciolluiscoromina.org\/index.php\/2025\/12\/19\/la-galeria-miguel-marcos-inaugura-lexposicio-artsalut-amb-el-suport-de-la-fundacio-lluis-coromina-isern\/\"  class=\"read-more\">Read more...<\/a><\/div><\/div><\/div><\/div><div class=\"swiper-slide\" style=\"\"><div class=\"insideframe\"><div id=\"wplp_box_top_9187_6645\" class=\"wpcu-front-box top equalHeightImg\" ><div class=\"wplp-box-item\"><a href=\"http:\/\/fundaciolluiscoromina.org\/index.php\/2025\/08\/26\/la-casa-cultura-de-girona-acull-la-inauguracio-de-miramar-exploracions-a-la-mar-damunt-una-mostra-amb-el-suport-de-la-fundacio-lluis-coromina\/\"  class=\"thumbnail\"><span class=\"img_cropper\" style=\"margin-right:4px;margin-bottom:4px;max-width:100%;\"><img decoding=\"async\" src=\"http:\/\/fundaciolluiscoromina.org\/wp-content\/uploads\/2025\/08\/2017_B1A4890.jpg\" style=\"aspect-ratio:4\/3;\" srcset=\"http:\/\/fundaciolluiscoromina.org\/wp-content\/uploads\/2025\/08\/2017_B1A4890.jpg 5792w, http:\/\/fundaciolluiscoromina.org\/wp-content\/uploads\/2025\/08\/2017_B1A4890-200x300.jpg 200w, http:\/\/fundaciolluiscoromina.org\/wp-content\/uploads\/2025\/08\/2017_B1A4890-683x1024.jpg 683w, http:\/\/fundaciolluiscoromina.org\/wp-content\/uploads\/2025\/08\/2017_B1A4890-768x1152.jpg 768w\" alt=\"La Casa de Cultura de Girona inaugura la mostra &#8216;Miramar. Exploracions a la Mar d&#8217;Amunt&#8217;, amb el suport de la Fundaci\u00f3 Llu\u00eds Coromina Isern\" class=\"wplp_thumb\" \/><\/span><\/a><a href=\"http:\/\/fundaciolluiscoromina.org\/index.php\/2025\/08\/26\/la-casa-cultura-de-girona-acull-la-inauguracio-de-miramar-exploracions-a-la-mar-damunt-una-mostra-amb-el-suport-de-la-fundacio-lluis-coromina\/\"  class=\"title\">La Casa de Cultura de Girona inaugura la mostra &#8216;Miramar. Exploracions a la Mar d&#8217;Amunt&#8217;, amb el suport de la Fundaci\u00f3 Llu\u00eds Coromina Isern<\/a><\/div><\/div><div id=\"wplp_box_left_9187_6645\" class=\"wpcu-front-box left wpcu-custom-position\" ><div class=\"wplp-box-item\"><\/div><\/div><div id=\"wplp_box_right_9187_6645\" class=\"wpcu-front-box right wpcu-custom-position\" ><div class=\"wplp-box-item\"><\/div><\/div><div id=\"wplp_box_bottom_9187_6645\" class=\"wpcu-front-box bottom \" ><div class=\"wplp-box-item\"><span class=\"date\">26 d'agost de 2025<\/span><a href=\"http:\/\/fundaciolluiscoromina.org\/index.php\/2025\/08\/26\/la-casa-cultura-de-girona-acull-la-inauguracio-de-miramar-exploracions-a-la-mar-damunt-una-mostra-amb-el-suport-de-la-fundacio-lluis-coromina\/\"  class=\"text\"><span style=\"max-height:2.8em\" class=\"line_limit\">El pr\u00f2xim dijous 4 de setembre, a les 19 h, la Casa de Cultura de Girona acollir\u00e0 la inauguraci\u00f3 de l&#8217;exposici\u00f3 Miramar. Exploracions a la Mar d&#8217;Amunt, un projecte que se submergeix en el cosmos mar\u00ed del restaurant Miramar i del seu xef amb estrella Paco P\u00e9rez.\u00a0La mostra, que compta amb el disseny de l&#8217;estudi P.A.R, estableix un di\u00e0leg entre art i cuina a trav\u00e9s d\u2019una selecci\u00f3 d\u2019elements que van des de dibuixos del mateix cuiner, arxius visuals hist\u00f2rics i vaixella d\u2019autor, fins a fotografies de Francesc Guillamet, documents del proc\u00e9s creatiu, obres de diversos artistes i una videoinstal\u00b7laci\u00f3 del fot\u00f2graf Samuel Aranda. Impulsada conjuntament per Miramar i Bonart, amb el suport de la Diputaci\u00f3 de Girona i la col\u00b7laboraci\u00f3 de L\u2019Amant, Gramona i la Fundaci\u00f3 Llu\u00eds Coromina, l\u2019exposici\u00f3 es podr\u00e0 visitar fins al dimecres 15 d\u2019octubre en l\u2019horari habitual d\u2019obertura de l\u2019espai.\n\nAmb l\u2019avantguarda culin\u00e0ria dels anys noranta com a punt de partida, el territori de la Mar d\u2019Amunt com a font d\u2019inspiraci\u00f3, i amb les mans d\u2019un equip implicat que cada dia interpreta les seves creacions, el xef crea escultures comestibles que es presenten a cada comensal que el visita. Aquesta mostra coral ens brinda l\u2019oportunitat de valorar la simbiosi entre art i gastronomia, descobrint el vincle amb l\u2019entorn, la inspiraci\u00f3, el proc\u00e9s creatiu, la innovaci\u00f3, la hist\u00f2ria, i el coneixement en constant transformaci\u00f3 que en deriva.<\/span><span style=\"margin-left:3px; max-height:2.8em\" class=\"line_limit\"> [...]<\/span><\/a><span class=\"custom_fields\">\n<!-- WPLP Unknown field: Custom_Fields -->\n<\/span><a href=\"http:\/\/fundaciolluiscoromina.org\/index.php\/2025\/08\/26\/la-casa-cultura-de-girona-acull-la-inauguracio-de-miramar-exploracions-a-la-mar-damunt-una-mostra-amb-el-suport-de-la-fundacio-lluis-coromina\/\"  class=\"read-more\">Read more...<\/a><\/div><\/div><\/div><\/div><\/div><div class=\"swiper-button-next\"><\/div><div class=\"swiper-button-prev\"><\/div><div class=\"swiper-pagination\"><\/div><\/div><\/div>\n","protected":false},"excerpt":{"rendered":"","protected":false},"author":1,"featured_media":0,"parent":0,"menu_order":0,"comment_status":"closed","ping_status":"closed","template":"","meta":{"footnotes":""},"class_list":["post-9162","page","type-page","status-publish","hentry"],"_links":{"self":[{"href":"http:\/\/fundaciolluiscoromina.org\/index.php\/wp-json\/wp\/v2\/pages\/9162","targetHints":{"allow":["GET"]}}],"collection":[{"href":"http:\/\/fundaciolluiscoromina.org\/index.php\/wp-json\/wp\/v2\/pages"}],"about":[{"href":"http:\/\/fundaciolluiscoromina.org\/index.php\/wp-json\/wp\/v2\/types\/page"}],"author":[{"embeddable":true,"href":"http:\/\/fundaciolluiscoromina.org\/index.php\/wp-json\/wp\/v2\/users\/1"}],"replies":[{"embeddable":true,"href":"http:\/\/fundaciolluiscoromina.org\/index.php\/wp-json\/wp\/v2\/comments?post=9162"}],"version-history":[{"count":2,"href":"http:\/\/fundaciolluiscoromina.org\/index.php\/wp-json\/wp\/v2\/pages\/9162\/revisions"}],"predecessor-version":[{"id":9188,"href":"http:\/\/fundaciolluiscoromina.org\/index.php\/wp-json\/wp\/v2\/pages\/9162\/revisions\/9188"}],"wp:attachment":[{"href":"http:\/\/fundaciolluiscoromina.org\/index.php\/wp-json\/wp\/v2\/media?parent=9162"}],"curies":[{"name":"wp","href":"https:\/\/api.w.org\/{rel}","templated":true}]}}

<div style="height:100px" aria-hidden="true" class="wp-block-spacer"></div>


<style></style><div class="wplp_outside wplp_widget_9187" style="max-width:100%;"><div id="wplp_widget_9187" class="wplp_widget_default wplp_container vertical swiper wplp-swiper default cols1" data-theme="default" data-post="9187" style="" data-max-elts="2" data-per-page="10"><div class="wplp_listposts swiper-wrapper" id="default_9187" style="width: 100%;" ><div class="swiper-slide" style=""><div class="insideframe"><div id="wplp_box_top_9187_7624" class="wpcu-front-box top equalHeightImg" ><div class="wplp-box-item"><a href="http://fundaciolluiscoromina.org/index.php/2025/12/19/la-galeria-miguel-marcos-inaugura-lexposicio-artsalut-amb-el-suport-de-la-fundacio-lluis-coromina-isern/"  class="thumbnail"><span class="img_cropper" style="margin-right:4px;margin-bottom:4px;max-width:100%;"><img decoding="async" src="http://fundaciolluiscoromina.org/wp-content/uploads/2025/12/MIRA-REVELACION-II-1983-1055-X-755-OLEO-SOBRE-CARTON-MADERA.jpg" style="aspect-ratio:4/3;" srcset="http://fundaciolluiscoromina.org/wp-content/uploads/2025/12/MIRA-REVELACION-II-1983-1055-X-755-OLEO-SOBRE-CARTON-MADERA.jpg 2196w, http://fundaciolluiscoromina.org/wp-content/uploads/2025/12/MIRA-REVELACION-II-1983-1055-X-755-OLEO-SOBRE-CARTON-MADERA-300x280.jpg 300w, http://fundaciolluiscoromina.org/wp-content/uploads/2025/12/MIRA-REVELACION-II-1983-1055-X-755-OLEO-SOBRE-CARTON-MADERA-1024x957.jpg 1024w, http://fundaciolluiscoromina.org/wp-content/uploads/2025/12/MIRA-REVELACION-II-1983-1055-X-755-OLEO-SOBRE-CARTON-MADERA-768x718.jpg 768w, http://fundaciolluiscoromina.org/wp-content/uploads/2025/12/MIRA-REVELACION-II-1983-1055-X-755-OLEO-SOBRE-CARTON-MADERA-1536x1435.jpg 1536w, http://fundaciolluiscoromina.org/wp-content/uploads/2025/12/MIRA-REVELACION-II-1983-1055-X-755-OLEO-SOBRE-CARTON-MADERA-2048x1914.jpg 2048w" alt="La Galeria Miguel Marcos acull la inauguració de l&#8217;exposició &#8216;Art&#038;Salut&#8217;, amb el suport de la Fundació Lluís Coromina Isern" class="wplp_thumb" /></span></a><a href="http://fundaciolluiscoromina.org/index.php/2025/12/19/la-galeria-miguel-marcos-inaugura-lexposicio-artsalut-amb-el-suport-de-la-fundacio-lluis-coromina-isern/"  class="title">La Galeria Miguel Marcos acull la inauguració de l&#8217;exposició &#8216;Art&#038;Salut&#8217;, amb el suport de la Fundació Lluís Coromina Isern</a></div></div><div id="wplp_box_left_9187_7624" class="wpcu-front-box left wpcu-custom-position" ><div class="wplp-box-item"></div></div><div id="wplp_box_right_9187_7624" class="wpcu-front-box right wpcu-custom-position" ><div class="wplp-box-item"></div></div><div id="wplp_box_bottom_9187_7624" class="wpcu-front-box bottom " ><div class="wplp-box-item"><span class="date">19 de desembre de 2025</span><a href="http://fundaciolluiscoromina.org/index.php/2025/12/19/la-galeria-miguel-marcos-inaugura-lexposicio-artsalut-amb-el-suport-de-la-fundacio-lluis-coromina-isern/"  class="text"><span style="max-height:2.8em" class="line_limit">El pròxim dimarts 23 de desembre, a les 19 h, la Galeria Miguel Marcos inaugurarà l&#8217;exposició Art&amp;Salut, una mostra solidària impulsada conjuntament amb Bonart Cultural que compta amb el suport de la Fundació Lluís Coromina Isern i la col·laboració de l&#8217;Hospital Clínic de Barcelona.

Un projecte que proposa un diàleg inspirador entre l&#8217;art contemporani i la recerca en salut mental, en un recorregut expositiu que compta amb la presència d’artistes com Joan Brossa, Carlos Franco, Víctor Mira i Malka Aversa. Els fons recaptats es destinaran parcialment al projecte PUZZLE, un programa dedicat a l’estudi i a la millora del tractament de l’esquizofrènia a l’Hospital Clínic Barcelona. Aquesta aliança entre institucions culturals i científiques vol posar de relleu el paper clau de la cultura en la generació d’impacte social i en l’avenç del coneixement.

L&#8217;exposició es podrà visitar fins al divendres 9 de gener en horari d&#8217;obertura de l&#8217;espai: de dilluns a divendres d&#8217;11:30 h a 19 h.

&nbsp;</span><span style="margin-left:3px; max-height:2.8em" class="line_limit"> [...]</span></a><span class="custom_fields">
<!-- WPLP Unknown field: Custom_Fields -->
</span><a href="http://fundaciolluiscoromina.org/index.php/2025/12/19/la-galeria-miguel-marcos-inaugura-lexposicio-artsalut-amb-el-suport-de-la-fundacio-lluis-coromina-isern/"  class="read-more">Read more...</a></div></div></div></div><div class="swiper-slide" style=""><div class="insideframe"><div id="wplp_box_top_9187_6645" class="wpcu-front-box top equalHeightImg" ><div class="wplp-box-item"><a href="http://fundaciolluiscoromina.org/index.php/2025/08/26/la-casa-cultura-de-girona-acull-la-inauguracio-de-miramar-exploracions-a-la-mar-damunt-una-mostra-amb-el-suport-de-la-fundacio-lluis-coromina/"  class="thumbnail"><span class="img_cropper" style="margin-right:4px;margin-bottom:4px;max-width:100%;"><img decoding="async" src="http://fundaciolluiscoromina.org/wp-content/uploads/2025/08/2017_B1A4890.jpg" style="aspect-ratio:4/3;" srcset="http://fundaciolluiscoromina.org/wp-content/uploads/2025/08/2017_B1A4890.jpg 5792w, http://fundaciolluiscoromina.org/wp-content/uploads/2025/08/2017_B1A4890-200x300.jpg 200w, http://fundaciolluiscoromina.org/wp-content/uploads/2025/08/2017_B1A4890-683x1024.jpg 683w, http://fundaciolluiscoromina.org/wp-content/uploads/2025/08/2017_B1A4890-768x1152.jpg 768w" alt="La Casa de Cultura de Girona inaugura la mostra &#8216;Miramar. Exploracions a la Mar d&#8217;Amunt&#8217;, amb el suport de la Fundació Lluís Coromina Isern" class="wplp_thumb" /></span></a><a href="http://fundaciolluiscoromina.org/index.php/2025/08/26/la-casa-cultura-de-girona-acull-la-inauguracio-de-miramar-exploracions-a-la-mar-damunt-una-mostra-amb-el-suport-de-la-fundacio-lluis-coromina/"  class="title">La Casa de Cultura de Girona inaugura la mostra &#8216;Miramar. Exploracions a la Mar d&#8217;Amunt&#8217;, amb el suport de la Fundació Lluís Coromina Isern</a></div></div><div id="wplp_box_left_9187_6645" class="wpcu-front-box left wpcu-custom-position" ><div class="wplp-box-item"></div></div><div id="wplp_box_right_9187_6645" class="wpcu-front-box right wpcu-custom-position" ><div class="wplp-box-item"></div></div><div id="wplp_box_bottom_9187_6645" class="wpcu-front-box bottom " ><div class="wplp-box-item"><span class="date">26 d'agost de 2025</span><a href="http://fundaciolluiscoromina.org/index.php/2025/08/26/la-casa-cultura-de-girona-acull-la-inauguracio-de-miramar-exploracions-a-la-mar-damunt-una-mostra-amb-el-suport-de-la-fundacio-lluis-coromina/"  class="text"><span style="max-height:2.8em" class="line_limit">El pròxim dijous 4 de setembre, a les 19 h, la Casa de Cultura de Girona acollirà la inauguració de l&#8217;exposició Miramar. Exploracions a la Mar d&#8217;Amunt, un projecte que se submergeix en el cosmos marí del restaurant Miramar i del seu xef amb estrella Paco Pérez. La mostra, que compta amb el disseny de l&#8217;estudi P.A.R, estableix un diàleg entre art i cuina a través d’una selecció d’elements que van des de dibuixos del mateix cuiner, arxius visuals històrics i vaixella d’autor, fins a fotografies de Francesc Guillamet, documents del procés creatiu, obres de diversos artistes i una videoinstal·lació del fotògraf Samuel Aranda. Impulsada conjuntament per Miramar i Bonart, amb el suport de la Diputació de Girona i la col·laboració de L’Amant, Gramona i la Fundació Lluís Coromina, l’exposició es podrà visitar fins al dimecres 15 d’octubre en l’horari habitual d’obertura de l’espai.

Amb l’avantguarda culinària dels anys noranta com a punt de partida, el territori de la Mar d’Amunt com a font d’inspiració, i amb les mans d’un equip implicat que cada dia interpreta les seves creacions, el xef crea escultures comestibles que es presenten a cada comensal que el visita. Aquesta mostra coral ens brinda l’oportunitat de valorar la simbiosi entre art i gastronomia, descobrint el vincle amb l’entorn, la inspiració, el procés creatiu, la innovació, la història, i el coneixement en constant transformació que en deriva.</span><span style="margin-left:3px; max-height:2.8em" class="line_limit"> [...]</span></a><span class="custom_fields">
<!-- WPLP Unknown field: Custom_Fields -->
</span><a href="http://fundaciolluiscoromina.org/index.php/2025/08/26/la-casa-cultura-de-girona-acull-la-inauguracio-de-miramar-exploracions-a-la-mar-damunt-una-mostra-amb-el-suport-de-la-fundacio-lluis-coromina/"  class="read-more">Read more...</a></div></div></div></div></div><div class="swiper-button-next"></div><div class="swiper-button-prev"></div><div class="swiper-pagination"></div></div></div>
