{"id":9178,"date":"2026-06-17T18:24:39","date_gmt":"2026-06-17T16:24:39","guid":{"rendered":"http:\/\/test.fundaciolluiscoromina.org\/?page_id=9178"},"modified":"2026-09-02T17:30:28","modified_gmt":"2026-09-02T15:30:28","slug":"la-perpinyana","status":"publish","type":"page","link":"http:\/\/fundaciolluiscoromina.org\/index.php\/la-perpinyana\/","title":{"rendered":"La Perpinyana"},"content":{"rendered":"\n<p class=\"wp-block-paragraph\">La Perpinyana situada a Porqueres esdev\u00e9 un centre d\u2019acollida temporal d\u2019aus ex\u00f2tiques. Dins l\u2019\u00e0mbit de la natura la fundaci\u00f3 tamb\u00e9 col.labora amb la Fundaci\u00f3 Mona, el Conservation ICZ i l\u2019Associaci\u00f3 Ave F\u00e8nix, entre altres. Dins de La Perpinyana hi tindr\u00e0n tamb\u00e9 cabuda les activitats del circ de Tortell Poltrona.<\/p>\n\n\n\n<div style=\"height:100px\" aria-hidden=\"true\" class=\"wp-block-spacer\"><\/div>\n\n\n<div class=\"wp-block-image\">\n<figure class=\"aligncenter size-large\"><img loading=\"lazy\" decoding=\"async\" width=\"768\" height=\"1024\" src=\"http:\/\/fundaciolluiscoromina.org\/wp-content\/uploads\/2026\/09\/plensa-768x1024.jpg\" alt=\"\" class=\"wp-image-9647\" srcset=\"http:\/\/fundaciolluiscoromina.org\/wp-content\/uploads\/2026\/09\/plensa-768x1024.jpg 768w, http:\/\/fundaciolluiscoromina.org\/wp-content\/uploads\/2026\/09\/plensa-225x300.jpg 225w, http:\/\/fundaciolluiscoromina.org\/wp-content\/uploads\/2026\/09\/plensa-1152x1536.jpg 1152w, http:\/\/fundaciolluiscoromina.org\/wp-content\/uploads\/2026\/09\/plensa-1536x2048.jpg 1536w, http:\/\/fundaciolluiscoromina.org\/wp-content\/uploads\/2026\/09\/plensa-scaled.jpg 1920w\" sizes=\"auto, (max-width: 768px) 100vw, 768px\" \/><\/figure>\n<\/div>","protected":false},"excerpt":{"rendered":"<p>La Perpinyana situada a Porqueres esdev\u00e9 un centre d\u2019acollida temporal d\u2019aus ex\u00f2tiques. Dins l\u2019\u00e0mbit de la natura la fundaci\u00f3 tamb\u00e9 &#8230;<\/p>\n","protected":false},"author":1,"featured_media":0,"parent":0,"menu_order":0,"comment_status":"closed","ping_status":"closed","template":"","meta":{"footnotes":""},"class_list":["post-9178","page","type-page","status-publish","hentry"],"_links":{"self":[{"href":"http:\/\/fundaciolluiscoromina.org\/index.php\/wp-json\/wp\/v2\/pages\/9178","targetHints":{"allow":["GET"]}}],"collection":[{"href":"http:\/\/fundaciolluiscoromina.org\/index.php\/wp-json\/wp\/v2\/pages"}],"about":[{"href":"http:\/\/fundaciolluiscoromina.org\/index.php\/wp-json\/wp\/v2\/types\/page"}],"author":[{"embeddable":true,"href":"http:\/\/fundaciolluiscoromina.org\/index.php\/wp-json\/wp\/v2\/users\/1"}],"replies":[{"embeddable":true,"href":"http:\/\/fundaciolluiscoromina.org\/index.php\/wp-json\/wp\/v2\/comments?post=9178"}],"version-history":[{"count":6,"href":"http:\/\/fundaciolluiscoromina.org\/index.php\/wp-json\/wp\/v2\/pages\/9178\/revisions"}],"predecessor-version":[{"id":9652,"href":"http:\/\/fundaciolluiscoromina.org\/index.php\/wp-json\/wp\/v2\/pages\/9178\/revisions\/9652"}],"wp:attachment":[{"href":"http:\/\/fundaciolluiscoromina.org\/index.php\/wp-json\/wp\/v2\/media?parent=9178"}],"curies":[{"name":"wp","href":"https:\/\/api.w.org\/{rel}","templated":true}]}}

<p class="wp-block-paragraph">La Perpinyana situada a Porqueres esdevé un centre d’acollida temporal d’aus exòtiques. Dins l’àmbit de la natura la fundació també col.labora amb la Fundació Mona, el Conservation ICZ i l’Associació Ave Fènix, entre altres. Dins de La Perpinyana hi tindràn també cabuda les activitats del circ de Tortell Poltrona.</p>



<div style="height:100px" aria-hidden="true" class="wp-block-spacer"></div>


<div class="wp-block-image">
<figure class="aligncenter size-large"><img loading="lazy" decoding="async" width="768" height="1024" src="http://fundaciolluiscoromina.org/wp-content/uploads/2026/09/plensa-768x1024.jpg" alt="" class="wp-image-9647" srcset="http://fundaciolluiscoromina.org/wp-content/uploads/2026/09/plensa-768x1024.jpg 768w, http://fundaciolluiscoromina.org/wp-content/uploads/2026/09/plensa-225x300.jpg 225w, http://fundaciolluiscoromina.org/wp-content/uploads/2026/09/plensa-1152x1536.jpg 1152w, http://fundaciolluiscoromina.org/wp-content/uploads/2026/09/plensa-1536x2048.jpg 1536w, http://fundaciolluiscoromina.org/wp-content/uploads/2026/09/plensa-scaled.jpg 1920w" sizes="auto, (max-width: 768px) 100vw, 768px" /></figure>
</div>

<p>La Perpinyana situada a Porqueres esdevé un centre d’acollida temporal d’aus exòtiques. Dins l’àmbit de la natura la fundació també &#8230;</p>
